{"id":80520,"date":"2018-12-18T20:32:47","date_gmt":"2018-12-18T18:32:47","guid":{"rendered":"https:\/\/ibizavilla.com\/properties\/the-pearl\/"},"modified":"2025-12-16T16:48:31","modified_gmt":"2025-12-16T15:48:31","slug":"the-pearl","status":"publish","type":"estate_property","link":"https:\/\/ibizavilla.com\/de\/properties\/the-pearl\/","title":{"rendered":"The Pearl, Luxusvilla direkt am Meer in Ibiza, Es Cubells"},"content":{"rendered":"<p>The Pearl, wundervolle 500 m\u00b2-Villa, k\u00fcrzlich renoviert und erbaut auf einem Grundst\u00fcck von 9.000 m\u00b2. Gelegen auf einer vorderen Merresklippe in Es Cubells mit tollem Blick \u00fcber das Meer bis nach Formentera. Der Haus ist nur 2 min vom Dorf Es Cubells entfernt, 10 min von San Jos\u00e9 und 25 min von Ibiza. Direkter Zugang zu einer kleinen Bucht mit M\u00f6glichkeit, ein Boot festzumachen. Verschiedene Terrassen \u00fcber insgesamt 500m\u00b2 mit Ess- und Chillout-Bereichen. Infinity Pool von 10 m x 6 m in Richtung Meer gelegen.<\/p>\n<p>Diese moderne und sehr gut eingerichtete Villa ist auf mehreren Ebenen erbaut:<\/p>\n<p>Eingangsebene:<br \/>\n1 Doppel-Salon mit Satelliten-TV und direktem Zugang zur Terrasse mit Meerblick<br \/>\n1 Esszimmer mit Terrasse<br \/>\n1 gro\u00dfe K\u00fcche (2018 renoviert), sehr gut ausgestattet mit Geschirrsp\u00fcler, 2 K\u00fchlschr\u00e4nken, Waschmaschine und Trockner<br \/>\n1 gro\u00dfes Schlafzimmer von 45 m\u00b2 mit gro\u00dfem Bett, eigenem Badezimmer, Satelliten-TV und Meerblick.<\/p>\n<p>Obere Ebene:<br \/>\n1 gro\u00dfes Schlafzimmer von 45 m\u00b2 mit 1 gro\u00dfen Bett, Terrasse mit Meerblick und eigenem Badezimmer mit Badewanne und Dusche<br \/>\n1 Schlafzimmer mit 1 gro\u00dfen Bett, Meerblick und eigenem Badezimmer<\/p>\n<p>Untere Ebene:<br \/>\n2 Schlafzimmer, jeweils mit 1 gro\u00dfen Bett, eigenem Vollbad und Terrasse mit Meerblick.<\/p>\n<p>1 unabh\u00e4ngiges Schlafzimmer mit 1 Bett von 160 cm und eigenem Badezimmer mit Dusche.<\/p>\n<p>Air Condition in allen Schlafzimmern, Internet WIFI und Safe.<br \/>\nPrivater Parkplatz f\u00fcr 3-4 Autos.<\/p>\n","protected":false},"excerpt":{"rendered":"<p>The Pearl, wundervolle 500 m\u00b2-Villa, k\u00fcrzlich renoviert und erbaut auf einem Grundst\u00fcck von 9.000 m\u00b2. Gelegen auf einer vorderen Merresklippe in Es Cubells mit tollem Blick \u00fcber das Meer bis nach Formentera. Der Haus ist nur 2 min vom Dorf Es Cubells entfernt, 10 min von San Jos\u00e9 und 25 min von Ibiza. Direkter Zugang &#8230;<\/p>\n","protected":false},"featured_media":115736,"comment_status":"closed","ping_status":"closed","template":"","guest-type":[],"class_list":["post-80520","estate_property","type-estate_property","status-publish","has-post-thumbnail","hentry","property_category-vermietung","property_action_category-villa-de","property_city-san-jose-de","property_area-es-cubells-de","property_features-alarm","property_features-erste-reihe-am-meer","property_features-air-conditioning","property_features-kitchen","property_features-meerblick","property_features-parken","property_features-swimming-pool","property_features-safe","property_features-tv","property_features-laundry","property_features-wifi"],"acf":[],"_links":{"self":[{"href":"https:\/\/ibizavilla.com\/de\/wp-json\/wp\/v2\/estate_property\/80520","targetHints":{"allow":["GET"]}}],"collection":[{"href":"https:\/\/ibizavilla.com\/de\/wp-json\/wp\/v2\/estate_property"}],"about":[{"href":"https:\/\/ibizavilla.com\/de\/wp-json\/wp\/v2\/types\/estate_property"}],"replies":[{"embeddable":true,"href":"https:\/\/ibizavilla.com\/de\/wp-json\/wp\/v2\/comments?post=80520"}],"wp:featuredmedia":[{"embeddable":true,"href":"https:\/\/ibizavilla.com\/de\/wp-json\/wp\/v2\/media\/115736"}],"wp:attachment":[{"href":"https:\/\/ibizavilla.com\/de\/wp-json\/wp\/v2\/media?parent=80520"}],"wp:term":[{"taxonomy":"guest-type","embeddable":true,"href":"https:\/\/ibizavilla.com\/de\/wp-json\/wp\/v2\/guest-type?post=80520"}],"curies":[{"name":"wp","href":"https:\/\/api.w.org\/{rel}","templated":true}]}}

<p>The Pearl, wundervolle 500 m²-Villa, kürzlich renoviert und erbaut auf einem Grundstück von 9.000 m². Gelegen auf einer vorderen Merresklippe in Es Cubells mit tollem Blick über das Meer bis nach Formentera. Der Haus ist nur 2 min vom Dorf Es Cubells entfernt, 10 min von San José und 25 min von Ibiza. Direkter Zugang zu einer kleinen Bucht mit Möglichkeit, ein Boot festzumachen. Verschiedene Terrassen über insgesamt 500m² mit Ess- und Chillout-Bereichen. Infinity Pool von 10 m x 6 m in Richtung Meer gelegen.</p>
<p>Diese moderne und sehr gut eingerichtete Villa ist auf mehreren Ebenen erbaut:</p>
<p>Eingangsebene:<br />
1 Doppel-Salon mit Satelliten-TV und direktem Zugang zur Terrasse mit Meerblick<br />
1 Esszimmer mit Terrasse<br />
1 große Küche (2018 renoviert), sehr gut ausgestattet mit Geschirrspüler, 2 Kühlschränken, Waschmaschine und Trockner<br />
1 großes Schlafzimmer von 45 m² mit großem Bett, eigenem Badezimmer, Satelliten-TV und Meerblick.</p>
<p>Obere Ebene:<br />
1 großes Schlafzimmer von 45 m² mit 1 großen Bett, Terrasse mit Meerblick und eigenem Badezimmer mit Badewanne und Dusche<br />
1 Schlafzimmer mit 1 großen Bett, Meerblick und eigenem Badezimmer</p>
<p>Untere Ebene:<br />
2 Schlafzimmer, jeweils mit 1 großen Bett, eigenem Vollbad und Terrasse mit Meerblick.</p>
<p>1 unabhängiges Schlafzimmer mit 1 Bett von 160 cm und eigenem Badezimmer mit Dusche.</p>
<p>Air Condition in allen Schlafzimmern, Internet WIFI und Safe.<br />
Privater Parkplatz für 3-4 Autos.</p>

<p>The Pearl, wundervolle 500 m²-Villa, kürzlich renoviert und erbaut auf einem Grundstück von 9.000 m². Gelegen auf einer vorderen Merresklippe in Es Cubells mit tollem Blick über das Meer bis nach Formentera. Der Haus ist nur 2 min vom Dorf Es Cubells entfernt, 10 min von San José und 25 min von Ibiza. Direkter Zugang &#8230;</p>
