{"id":28877,"date":"2018-11-26T05:06:21","date_gmt":"2018-11-26T03:06:21","guid":{"rendered":"https:\/\/ibizavilla.com\/?post_type=estate_property&#038;p=28877"},"modified":"2025-12-16T14:50:41","modified_gmt":"2025-12-16T13:50:41","slug":"casa-tania","status":"publish","type":"estate_property","link":"https:\/\/ibizavilla.com\/es\/properties\/casa-tania\/","title":{"rendered":"Casa Tania, casita con piscina en Ibiza, Cala Vadella"},"content":{"rendered":"<p>Casa Tania es una encantadora casa ubicada en Cala Vadella, a 5min andando de la playa, 10min de San Josep y a 25min de Eivissa ciudad. Terraza con piscina de 6,5 x 3,5m y vistas al mar desde lejos. Sal\u00f3n y comedor exteriores con barbacoa. Acceso al techo Solarium con bonitas vistas al mar.<\/p>\n<p>La casa consta de :<br \/>\n1 sal\u00f3n con TV LCD sat\u00e9lite, est\u00e9reo, Internet y A\/C<br \/>\n1 comedor<br \/>\n1 cocina totalmente equipada<br \/>\n1 dormitorio con 1 cama de 150 y cuarto de ba\u00f1o privado con ba\u00f1era<br \/>\n1 dormitorio con 2 camas de 90, A\/C<br \/>\n1 cuarto de ba\u00f1o separado con ducha.<\/p>\n<p>Aire aconcidionado en el salon y en los dormitorios.<\/p>\n","protected":false},"excerpt":{"rendered":"<p>Casa Tania es una encantadora casa ubicada en Cala Vadella, a 5min andando de la playa, 10min de San Josep y a 25min de Eivissa ciudad. Terraza con piscina de 6,5 x 3,5m y vistas al mar desde lejos. Sal\u00f3n y comedor exteriores con barbacoa. Acceso al techo Solarium con bonitas vistas al mar. La &#8230;<\/p>\n","protected":false},"featured_media":103365,"comment_status":"closed","ping_status":"closed","template":"","guest-type":[],"class_list":["post-28877","estate_property","type-estate_property","status-publish","has-post-thumbnail","hentry","property_category-alquiler","property_action_category-villa","property_city-san-jose","property_area-cala-vedella","property_features-aire-acondicionado","property_features-aparcamiento","property_features-apto-para-ninos","property_features-cocina","property_features-piscina","property_features-tv","property_features-vista-al-mar","property_features-wifi"],"acf":[],"_links":{"self":[{"href":"https:\/\/ibizavilla.com\/es\/wp-json\/wp\/v2\/estate_property\/28877","targetHints":{"allow":["GET"]}}],"collection":[{"href":"https:\/\/ibizavilla.com\/es\/wp-json\/wp\/v2\/estate_property"}],"about":[{"href":"https:\/\/ibizavilla.com\/es\/wp-json\/wp\/v2\/types\/estate_property"}],"replies":[{"embeddable":true,"href":"https:\/\/ibizavilla.com\/es\/wp-json\/wp\/v2\/comments?post=28877"}],"wp:featuredmedia":[{"embeddable":true,"href":"https:\/\/ibizavilla.com\/es\/wp-json\/wp\/v2\/media\/103365"}],"wp:attachment":[{"href":"https:\/\/ibizavilla.com\/es\/wp-json\/wp\/v2\/media?parent=28877"}],"wp:term":[{"taxonomy":"guest-type","embeddable":true,"href":"https:\/\/ibizavilla.com\/es\/wp-json\/wp\/v2\/guest-type?post=28877"}],"curies":[{"name":"wp","href":"https:\/\/api.w.org\/{rel}","templated":true}]}}

<p>Casa Tania es una encantadora casa ubicada en Cala Vadella, a 5min andando de la playa, 10min de San Josep y a 25min de Eivissa ciudad. Terraza con piscina de 6,5 x 3,5m y vistas al mar desde lejos. Salón y comedor exteriores con barbacoa. Acceso al techo Solarium con bonitas vistas al mar.</p>
<p>La casa consta de :<br />
1 salón con TV LCD satélite, estéreo, Internet y A/C<br />
1 comedor<br />
1 cocina totalmente equipada<br />
1 dormitorio con 1 cama de 150 y cuarto de baño privado con bañera<br />
1 dormitorio con 2 camas de 90, A/C<br />
1 cuarto de baño separado con ducha.</p>
<p>Aire aconcidionado en el salon y en los dormitorios.</p>

<p>Casa Tania es una encantadora casa ubicada en Cala Vadella, a 5min andando de la playa, 10min de San Josep y a 25min de Eivissa ciudad. Terraza con piscina de 6,5 x 3,5m y vistas al mar desde lejos. Salón y comedor exteriores con barbacoa. Acceso al techo Solarium con bonitas vistas al mar. La &#8230;</p>
