{"id":39834,"date":"2018-12-14T23:27:35","date_gmt":"2018-12-14T21:27:35","guid":{"rendered":"https:\/\/ibizavilla.com\/?post_type=estate_property&#038;p=39834"},"modified":"2025-12-16T00:48:18","modified_gmt":"2025-12-15T23:48:18","slug":"can-puig-de-mar","status":"publish","type":"estate_property","link":"https:\/\/ibizavilla.com\/fr\/properties\/can-puig-de-mar\/","title":{"rendered":"Can Puig de Mar, villa avec vue mer \u00e0 Ibiza, Cala Moli"},"content":{"rendered":"<p><iframe loading=\"lazy\" src=\"https:\/\/player.vimeo.com\/video\/436025350\" width=\"640\" height=\"360\" frameborder=\"0\" allowfullscreen=\"allowfullscreen\"><\/iframe><\/p>\n<p>Can Puig de Mar est une belle villa construite sur une propri\u00e9t\u00e9 cl\u00f4tur\u00e9e de 12.000m\u00b2 avec vue sur la Cala Moli et les \u00eeles S\u2019Espartas, \u00e0 5min \u00e0 pied de la plage de Cala Moli, 2min en voiture de la plage de Cala Tarida et \u00e0 20min de la villa d\u2019Ibiza. La villa est entour\u00e9e d\u2019un magnifique jardin exotique plant\u00e9 de palmiers, bougainvilliers, hibiscus\u2026<br \/>\nTerrasse avec piscine \u00e0 d\u00e9bordement sur une longueur de 17m et tr\u00e8s belle vue mer. Pr\u00e8s de la piscine, se trouve une cuisine d\u2019\u00e9t\u00e9 avec plancha, r\u00e9frig\u00e9rateur et salle \u00e0 manger ext\u00e9rieure.<\/p>\n<p>Villa tr\u00e8s conviviale o\u00f9 chacun trouve son ind\u00e9pendance, chaque chambre poss\u00e8de sa propre salle de bain et sa terrasse avec vue mer. Niveau piscine:<\/p>\n<p>2 chambres avec chacune 1 grand lit de 180 (ou 2 lits de 90), air conditionn\u00e9 et salle de douche privative avec toilettes.<\/p>\n<p>1er niveau:<br \/>\n1 salon avec TV LCD 107cm satellite, cha\u00eene-hifi et air conditionn\u00e9, ouvert sur un patio avec bassin et cascade<br \/>\n1 cuisine am\u00e9ricaine enti\u00e8rement \u00e9quip\u00e9e (frigo am\u00e9ricain avec fabrique de glace)<br \/>\n1 salle \u00e0 manger ouverte sur une grande terrasse couverte avec salon et salle \u00e0 manger ext\u00e9rieurs<br \/>\n1 chambre avec 2 lits de 80, salle de douche privative, air conditionn\u00e9 et coffre fort<br \/>\n1 suite de 50m\u00b2 avec 1 grand lit de 2x2m et salle de bain privative avec baignoire, douche et toilettes, petit salon, air conditionn\u00e9, coffre fort et terrasse priv\u00e9e avec tr\u00e8s belle vue mer.<\/p>\n<p>2\u00e8me niveau:<br \/>\n2 chambres ind\u00e9pendantes avec chacune 1 lit de 180 (ou 2 lits de 90), salle de douche privative, toilettes, air conditionn\u00e9 et coffre fort.<\/p>\n<p>Jacuzzi sur la terrasse du toit face \u00e0 la mer. Alarme et Internet WIFI.<\/p>\n","protected":false},"excerpt":{"rendered":"<p>Can Puig de Mar est une belle villa construite sur une propri\u00e9t\u00e9 cl\u00f4tur\u00e9e de 12.000m\u00b2 avec vue sur la Cala Moli et les \u00eeles S\u2019Espartas, \u00e0 5min \u00e0 pied de la plage de Cala Moli, 2min en voiture de la plage de Cala Tarida et \u00e0 20min de la villa d\u2019Ibiza. La villa est entour\u00e9e &#8230;<\/p>\n","protected":false},"featured_media":114943,"comment_status":"closed","ping_status":"closed","template":"","guest-type":[],"class_list":["post-39834","estate_property","type-estate_property","status-publish","has-post-thumbnail","hentry","property_category-rentals","property_action_category-villa-fr","property_city-san-jose","property_area-cala-moli-fr","property_features-kids-friendly","property_features-alarme","property_features-blanchisserie","property_features-chauffage","property_features-climatisation","property_features-cuisine","property_features-jacuzzi","property_features-parking","property_features-swimming-pool","property_features-safe","property_features-tv","property_features-vue-sur-la-mer","property_features-wifi"],"acf":[],"_links":{"self":[{"href":"https:\/\/ibizavilla.com\/fr\/wp-json\/wp\/v2\/estate_property\/39834","targetHints":{"allow":["GET"]}}],"collection":[{"href":"https:\/\/ibizavilla.com\/fr\/wp-json\/wp\/v2\/estate_property"}],"about":[{"href":"https:\/\/ibizavilla.com\/fr\/wp-json\/wp\/v2\/types\/estate_property"}],"replies":[{"embeddable":true,"href":"https:\/\/ibizavilla.com\/fr\/wp-json\/wp\/v2\/comments?post=39834"}],"wp:featuredmedia":[{"embeddable":true,"href":"https:\/\/ibizavilla.com\/fr\/wp-json\/wp\/v2\/media\/114943"}],"wp:attachment":[{"href":"https:\/\/ibizavilla.com\/fr\/wp-json\/wp\/v2\/media?parent=39834"}],"wp:term":[{"taxonomy":"guest-type","embeddable":true,"href":"https:\/\/ibizavilla.com\/fr\/wp-json\/wp\/v2\/guest-type?post=39834"}],"curies":[{"name":"wp","href":"https:\/\/api.w.org\/{rel}","templated":true}]}}

Can Puig de Mar, villa avec vue mer à Ibiza, Cala Moli

<p><iframe loading="lazy" src="https://player.vimeo.com/video/436025350" width="640" height="360" frameborder="0" allowfullscreen="allowfullscreen"></iframe></p>
<p>Can Puig de Mar est une belle villa construite sur une propriété clôturée de 12.000m² avec vue sur la Cala Moli et les îles S’Espartas, à 5min à pied de la plage de Cala Moli, 2min en voiture de la plage de Cala Tarida et à 20min de la villa d’Ibiza. La villa est entourée d’un magnifique jardin exotique planté de palmiers, bougainvilliers, hibiscus…<br />
Terrasse avec piscine à débordement sur une longueur de 17m et très belle vue mer. Près de la piscine, se trouve une cuisine d’été avec plancha, réfrigérateur et salle à manger extérieure.</p>
<p>Villa très conviviale où chacun trouve son indépendance, chaque chambre possède sa propre salle de bain et sa terrasse avec vue mer. Niveau piscine:</p>
<p>2 chambres avec chacune 1 grand lit de 180 (ou 2 lits de 90), air conditionné et salle de douche privative avec toilettes.</p>
<p>1er niveau:<br />
1 salon avec TV LCD 107cm satellite, chaîne-hifi et air conditionné, ouvert sur un patio avec bassin et cascade<br />
1 cuisine américaine entièrement équipée (frigo américain avec fabrique de glace)<br />
1 salle à manger ouverte sur une grande terrasse couverte avec salon et salle à manger extérieurs<br />
1 chambre avec 2 lits de 80, salle de douche privative, air conditionné et coffre fort<br />
1 suite de 50m² avec 1 grand lit de 2x2m et salle de bain privative avec baignoire, douche et toilettes, petit salon, air conditionné, coffre fort et terrasse privée avec très belle vue mer.</p>
<p>2ème niveau:<br />
2 chambres indépendantes avec chacune 1 lit de 180 (ou 2 lits de 90), salle de douche privative, toilettes, air conditionné et coffre fort.</p>
<p>Jacuzzi sur la terrasse du toit face à la mer. Alarme et Internet WIFI.</p>

<p>Can Puig de Mar est une belle villa construite sur une propriété clôturée de 12.000m² avec vue sur la Cala Moli et les îles S’Espartas, à 5min à pied de la plage de Cala Moli, 2min en voiture de la plage de Cala Tarida et à 20min de la villa d’Ibiza. La villa est entourée &#8230;</p>
