{"id":41121,"date":"2018-12-19T15:39:59","date_gmt":"2018-12-19T13:39:59","guid":{"rendered":"https:\/\/ibizavilla.com\/?post_type=estate_property&#038;p=41121"},"modified":"2025-12-16T16:32:16","modified_gmt":"2025-12-16T15:32:16","slug":"ses-roques","status":"publish","type":"estate_property","link":"https:\/\/ibizavilla.com\/fr\/properties\/ses-roques\/","title":{"rendered":"Ses Roques, villa avec vue mer \u00e0 Ibiza, San Agust\u00edn"},"content":{"rendered":"<p>Ses Roques est une superbe villa situ\u00e9e pr\u00e8s de San Agust\u00edn, au milieu des pins dans un endroit isol\u00e9 et tr\u00e8s calme, \u00e0 15min des plages de Cala Bassa et Cala Conta et \u00e0 30min de la ville d\u2019Ibiza. L\u2019acc\u00e8s \u00e0 la propri\u00e9t\u00e9 se fait par un chemin de terre de 3 km depuis le village. Terrasse avec grande piscine \u00e0 d\u00e9bordement de 20 x 14m, zone chillout couverte avec bar et vue mer spectaculaire sur les \u00eeles et le coucher de soleil. Grandes terrasses couvertes et beau jardin m\u00e9diterran\u00e9en avec salon et salle \u00e0 manger ext\u00e9rieurs.<\/p>\n<p>La maison de 500m\u00b2 est construite sur 2 niveaux et comprend :<\/p>\n<p>Niveau de l\u2019entr\u00e9e :<br \/>\n1 grand salon avec TV satellite et cha\u00eene Hi-fi, ouvert d\u2019une part sur le jardin avec superbe vue mer et sur un porche de l\u2019autre c\u00f4t\u00e9 avec salle \u00e0 manger et lit balinais<br \/>\n1 grande cuisine enti\u00e8rement \u00e9quip\u00e9e ouverte sur la salle \u00e0 manger<br \/>\n1 pi\u00e8ce annexe avec lave-vaisselle, lave-linge, s\u00e8che-linge et frigo<br \/>\n1 WC<\/p>\n<p>1 chambre avec 4 lits individuels et grande salle de bain privative avec baignoire et douche.<\/p>\n<p>De l\u2019autre c\u00f4t\u00e9 du salon, se trouvent :<br \/>\n3 chambres doubles, chacune avec 1 lit matrimonial et 1 salle de bain privative avec douche.<br \/>\nDeux de ces trois chambres ont vue mer.<\/p>\n<p>Premier \u00e9tage :<br \/>\n1 suite avec 1 lit matrimonial, salon avec chemin\u00e9e, dressing, salle de bain privative avec douche et baignoire et grande terrasse privative avec superbe vue mer.<\/p>\n<p>Internet WIFI, alarme et coffre fort.<\/p>\n","protected":false},"excerpt":{"rendered":"<p>Ses Roques est une superbe villa situ\u00e9e pr\u00e8s de San Agust\u00edn, au milieu des pins dans un endroit isol\u00e9 et tr\u00e8s calme, \u00e0 15min des plages de Cala Bassa et Cala Conta et \u00e0 30min de la ville d\u2019Ibiza. L\u2019acc\u00e8s \u00e0 la propri\u00e9t\u00e9 se fait par un chemin de terre de 3 km depuis le &#8230;<\/p>\n","protected":false},"featured_media":41138,"comment_status":"closed","ping_status":"closed","template":"","guest-type":[],"class_list":["post-41121","estate_property","type-estate_property","status-publish","has-post-thumbnail","hentry","property_category-rentals","property_action_category-villa-fr","property_city-san-jose","property_area-san-agustin-fr","property_features-kids-friendly","property_features-alarme","property_features-blanchisserie","property_features-chauffage","property_features-climatisation","property_features-cuisine","property_features-parking","property_features-swimming-pool","property_features-safe","property_features-tv","property_features-vue-sur-la-mer","property_features-wifi"],"acf":[],"_links":{"self":[{"href":"https:\/\/ibizavilla.com\/fr\/wp-json\/wp\/v2\/estate_property\/41121","targetHints":{"allow":["GET"]}}],"collection":[{"href":"https:\/\/ibizavilla.com\/fr\/wp-json\/wp\/v2\/estate_property"}],"about":[{"href":"https:\/\/ibizavilla.com\/fr\/wp-json\/wp\/v2\/types\/estate_property"}],"replies":[{"embeddable":true,"href":"https:\/\/ibizavilla.com\/fr\/wp-json\/wp\/v2\/comments?post=41121"}],"wp:featuredmedia":[{"embeddable":true,"href":"https:\/\/ibizavilla.com\/fr\/wp-json\/wp\/v2\/media\/41138"}],"wp:attachment":[{"href":"https:\/\/ibizavilla.com\/fr\/wp-json\/wp\/v2\/media?parent=41121"}],"wp:term":[{"taxonomy":"guest-type","embeddable":true,"href":"https:\/\/ibizavilla.com\/fr\/wp-json\/wp\/v2\/guest-type?post=41121"}],"curies":[{"name":"wp","href":"https:\/\/api.w.org\/{rel}","templated":true}]}}

Ses Roques, villa avec vue mer à Ibiza, San Agustín

<p>Ses Roques est une superbe villa située près de San Agustín, au milieu des pins dans un endroit isolé et très calme, à 15min des plages de Cala Bassa et Cala Conta et à 30min de la ville d’Ibiza. L’accès à la propriété se fait par un chemin de terre de 3 km depuis le village. Terrasse avec grande piscine à débordement de 20 x 14m, zone chillout couverte avec bar et vue mer spectaculaire sur les îles et le coucher de soleil. Grandes terrasses couvertes et beau jardin méditerranéen avec salon et salle à manger extérieurs.</p>
<p>La maison de 500m² est construite sur 2 niveaux et comprend :</p>
<p>Niveau de l’entrée :<br />
1 grand salon avec TV satellite et chaîne Hi-fi, ouvert d’une part sur le jardin avec superbe vue mer et sur un porche de l’autre côté avec salle à manger et lit balinais<br />
1 grande cuisine entièrement équipée ouverte sur la salle à manger<br />
1 pièce annexe avec lave-vaisselle, lave-linge, sèche-linge et frigo<br />
1 WC</p>
<p>1 chambre avec 4 lits individuels et grande salle de bain privative avec baignoire et douche.</p>
<p>De l’autre côté du salon, se trouvent :<br />
3 chambres doubles, chacune avec 1 lit matrimonial et 1 salle de bain privative avec douche.<br />
Deux de ces trois chambres ont vue mer.</p>
<p>Premier étage :<br />
1 suite avec 1 lit matrimonial, salon avec cheminée, dressing, salle de bain privative avec douche et baignoire et grande terrasse privative avec superbe vue mer.</p>
<p>Internet WIFI, alarme et coffre fort.</p>

<p>Ses Roques est une superbe villa située près de San Agustín, au milieu des pins dans un endroit isolé et très calme, à 15min des plages de Cala Bassa et Cala Conta et à 30min de la ville d’Ibiza. L’accès à la propriété se fait par un chemin de terre de 3 km depuis le &#8230;</p>
