{"id":42067,"date":"2018-12-20T16:56:58","date_gmt":"2018-12-20T14:56:58","guid":{"rendered":"https:\/\/ibizavilla.com\/?post_type=estate_property&#038;p=42067"},"modified":"2025-12-16T17:27:33","modified_gmt":"2025-12-16T16:27:33","slug":"can-sort","status":"publish","type":"estate_property","link":"https:\/\/ibizavilla.com\/fr\/properties\/can-sort\/","title":{"rendered":"Can Sort, villa en bord de mer \u00e0 Ibiza, Es Cubells"},"content":{"rendered":"<p>Can Sort est une belle maison de 220m\u00b2 construite sur un terrain de 1.300m\u00b2 enti\u00e8rement cl\u00f4tur\u00e9, situ\u00e9e dans une zone prot\u00e9g\u00e9e tr\u00e8s calme avec acc\u00e8s privatif pour 6 villas, \u00e0 10min de San Jos\u00e9, 5min \u00e0 pied du village d\u2019Es Cubells et \u00e0 20min de la ville d\u2019Ibiza. Terrasse avec piscine entour\u00e9e de chaises longues et vue exceptionnelle sur Formentera et sur la baie d\u2019Es Cubells. Autre terrasse couverte avec salle \u00e0 manger et salon ext\u00e9rieurs, BBQ. Plusieurs espaces relax \u00e0 l\u2019ombre, au milieu d\u2019une v\u00e9g\u00e9tation m\u00e9diterran\u00e9enne.<\/p>\n<p>La villa se divise en :<br \/>\n1 grand salon avec canap\u00e9, et cha\u00eene hifi, ouvert sur la terrasse avec vue mer<br \/>\n1 salle \u00e0 manger avec table pour 8 personnes, ouverte sur le salon<br \/>\n1 cuisine s\u00e9par\u00e9e enti\u00e8rement \u00e9quip\u00e9e avec lave-vaisselle, frigo\/cong\u00e9lateur, micro-ondes et four<\/p>\n<p>1 chambre avec 1 lit de 160, TV LCD satellite, salle de bain et balcon avec vue mer<br \/>\n1 chambre avec 1 lit de 160, TV LCD et salle de douche<br \/>\n1 chambre avec 3 lits de 90 (lits superpos\u00e9s + 1simple)<br \/>\n1 salle de bain s\u00e9par\u00e9e avec baignoire<br \/>\n1 chambre avec 1 lit de 160 et salle de douche.<\/p>\n<p>Air conditionn\u00e9, Internet WIFI, alarme et coffre fort.<\/p>\n","protected":false},"excerpt":{"rendered":"<p>Can Sort est une belle maison de 220m\u00b2 construite sur un terrain de 1.300m\u00b2 enti\u00e8rement cl\u00f4tur\u00e9, situ\u00e9e dans une zone prot\u00e9g\u00e9e tr\u00e8s calme avec acc\u00e8s privatif pour 6 villas, \u00e0 10min de San Jos\u00e9, 5min \u00e0 pied du village d\u2019Es Cubells et \u00e0 20min de la ville d\u2019Ibiza. Terrasse avec piscine entour\u00e9e de chaises longues &#8230;<\/p>\n","protected":false},"featured_media":47212,"comment_status":"closed","ping_status":"closed","template":"","guest-type":[],"class_list":["post-42067","estate_property","type-estate_property","status-publish","has-post-thumbnail","hentry","property_category-rentals","property_action_category-villa-fr","property_city-san-jose","property_area-es-cubells-fr-2","property_features-kids-friendly","property_features-alarme","property_features-climatisation","property_features-cuisine","property_features-parking","property_features-swimming-pool","property_features-premiere-ligne-mer","property_features-tv","property_features-vue-sur-la-mer","property_features-wifi"],"acf":[],"_links":{"self":[{"href":"https:\/\/ibizavilla.com\/fr\/wp-json\/wp\/v2\/estate_property\/42067","targetHints":{"allow":["GET"]}}],"collection":[{"href":"https:\/\/ibizavilla.com\/fr\/wp-json\/wp\/v2\/estate_property"}],"about":[{"href":"https:\/\/ibizavilla.com\/fr\/wp-json\/wp\/v2\/types\/estate_property"}],"replies":[{"embeddable":true,"href":"https:\/\/ibizavilla.com\/fr\/wp-json\/wp\/v2\/comments?post=42067"}],"wp:featuredmedia":[{"embeddable":true,"href":"https:\/\/ibizavilla.com\/fr\/wp-json\/wp\/v2\/media\/47212"}],"wp:attachment":[{"href":"https:\/\/ibizavilla.com\/fr\/wp-json\/wp\/v2\/media?parent=42067"}],"wp:term":[{"taxonomy":"guest-type","embeddable":true,"href":"https:\/\/ibizavilla.com\/fr\/wp-json\/wp\/v2\/guest-type?post=42067"}],"curies":[{"name":"wp","href":"https:\/\/api.w.org\/{rel}","templated":true}]}}

Can Sort, villa en bord de mer à Ibiza, Es Cubells

<p>Can Sort est une belle maison de 220m² construite sur un terrain de 1.300m² entièrement clôturé, située dans une zone protégée très calme avec accès privatif pour 6 villas, à 10min de San José, 5min à pied du village d’Es Cubells et à 20min de la ville d’Ibiza. Terrasse avec piscine entourée de chaises longues et vue exceptionnelle sur Formentera et sur la baie d’Es Cubells. Autre terrasse couverte avec salle à manger et salon extérieurs, BBQ. Plusieurs espaces relax à l’ombre, au milieu d’une végétation méditerranéenne.</p>
<p>La villa se divise en :<br />
1 grand salon avec canapé, et chaîne hifi, ouvert sur la terrasse avec vue mer<br />
1 salle à manger avec table pour 8 personnes, ouverte sur le salon<br />
1 cuisine séparée entièrement équipée avec lave-vaisselle, frigo/congélateur, micro-ondes et four</p>
<p>1 chambre avec 1 lit de 160, TV LCD satellite, salle de bain et balcon avec vue mer<br />
1 chambre avec 1 lit de 160, TV LCD et salle de douche<br />
1 chambre avec 3 lits de 90 (lits superposés + 1simple)<br />
1 salle de bain séparée avec baignoire<br />
1 chambre avec 1 lit de 160 et salle de douche.</p>
<p>Air conditionné, Internet WIFI, alarme et coffre fort.</p>

<p>Can Sort est une belle maison de 220m² construite sur un terrain de 1.300m² entièrement clôturé, située dans une zone protégée très calme avec accès privatif pour 6 villas, à 10min de San José, 5min à pied du village d’Es Cubells et à 20min de la ville d’Ibiza. Terrasse avec piscine entourée de chaises longues &#8230;</p>
