{"id":42086,"date":"2018-12-20T19:07:21","date_gmt":"2018-12-20T17:07:21","guid":{"rendered":"https:\/\/ibizavilla.com\/?post_type=estate_property&#038;p=42086"},"modified":"2025-12-16T17:38:26","modified_gmt":"2025-12-16T16:38:26","slug":"la-boheme","status":"publish","type":"estate_property","link":"https:\/\/ibizavilla.com\/fr\/properties\/la-boheme\/","title":{"rendered":"La Boheme, villa de luxe avec piscine \u00e0 Ibiza, Benimussa"},"content":{"rendered":"<p>La Boheme, belle villa enti\u00e8rement r\u00e9nov\u00e9e de 500m2 entour\u00e9e d&rsquo;un jardin tropical de 5.000m2, situ\u00e9e \u00e0 Benimussa, \u00e0 5min de San Josep et de San Rafael et \u00e0 15min de la ville d&rsquo;Ibiza. Terrasse avec piscine en \u00ab\u00a0V\u00a0\u00bb de 14 m\u00e8tres, entour\u00e9e de chaises longues et lit balinais pour se reposer. Bar et chill-out ombrag\u00e9.<\/p>\n<p>La maison peut accueillir jusqu&rsquo;\u00e0 12 personnes et est \u00e9quip\u00e9e comme suit\u00a0:<br \/>\n1 salon avec sofa, TV Satellite, DVD, HI-FI ouvert sur la\u00a0salle \u00e0 manger<br \/>\n1 cuisine enti\u00e8rement \u00e9quip\u00e9e<br \/>\n1 WC ind\u00e9pendant<\/p>\n<p>1 chambre avec 1 lit de 160 et salle de douche privative, ouverte sur l&rsquo;ext\u00e9rieur.<\/p>\n<p>4 chambres avec entr\u00e9e ind\u00e9pendante, chacune avec un avec 1 lit de 180, salle de bain privative et A\/C<br \/>\nL&rsquo;une de ces chambres a un lit \u00e0 baldaquin de 150cm et n&rsquo;a pas d&rsquo;A\/C.<\/p>\n<p>1 appartement ind\u00e9pendant avec kitchenette, sofa, 1 lit de 180 et salle de douche privative.<\/p>\n<p>Internet WIFI dans toute la propri\u00e9t\u00e9.<\/p>\n","protected":false},"excerpt":{"rendered":"<p>La Boheme, belle villa enti\u00e8rement r\u00e9nov\u00e9e de 500m2 entour\u00e9e d&rsquo;un jardin tropical de 5.000m2, situ\u00e9e \u00e0 Benimussa, \u00e0 5min de San Josep et de San Rafael et \u00e0 15min de la ville d&rsquo;Ibiza. Terrasse avec piscine en \u00ab\u00a0V\u00a0\u00bb de 14 m\u00e8tres, entour\u00e9e de chaises longues et lit balinais pour se reposer. Bar et chill-out ombrag\u00e9. &#8230;<\/p>\n","protected":false},"featured_media":61574,"comment_status":"closed","ping_status":"closed","template":"","guest-type":[],"class_list":["post-42086","estate_property","type-estate_property","status-publish","has-post-thumbnail","hentry","property_category-rentals","property_action_category-villa-fr","property_city-san-jose","property_area-benimussa-fr","property_features-kids-friendly","property_features-alarme","property_features-climatisation","property_features-cuisine","property_features-parking","property_features-swimming-pool","property_features-safe","property_features-tv","property_features-vue-sur-la-mer","property_features-wifi"],"acf":[],"_links":{"self":[{"href":"https:\/\/ibizavilla.com\/fr\/wp-json\/wp\/v2\/estate_property\/42086","targetHints":{"allow":["GET"]}}],"collection":[{"href":"https:\/\/ibizavilla.com\/fr\/wp-json\/wp\/v2\/estate_property"}],"about":[{"href":"https:\/\/ibizavilla.com\/fr\/wp-json\/wp\/v2\/types\/estate_property"}],"replies":[{"embeddable":true,"href":"https:\/\/ibizavilla.com\/fr\/wp-json\/wp\/v2\/comments?post=42086"}],"wp:featuredmedia":[{"embeddable":true,"href":"https:\/\/ibizavilla.com\/fr\/wp-json\/wp\/v2\/media\/61574"}],"wp:attachment":[{"href":"https:\/\/ibizavilla.com\/fr\/wp-json\/wp\/v2\/media?parent=42086"}],"wp:term":[{"taxonomy":"guest-type","embeddable":true,"href":"https:\/\/ibizavilla.com\/fr\/wp-json\/wp\/v2\/guest-type?post=42086"}],"curies":[{"name":"wp","href":"https:\/\/api.w.org\/{rel}","templated":true}]}}

La Boheme, villa de luxe avec piscine à Ibiza, Benimussa

<p>La Boheme, belle villa entièrement rénovée de 500m2 entourée d&rsquo;un jardin tropical de 5.000m2, située à Benimussa, à 5min de San Josep et de San Rafael et à 15min de la ville d&rsquo;Ibiza. Terrasse avec piscine en « V » de 14 mètres, entourée de chaises longues et lit balinais pour se reposer. Bar et chill-out ombragé.</p>
<p>La maison peut accueillir jusqu&rsquo;à 12 personnes et est équipée comme suit :<br />
1 salon avec sofa, TV Satellite, DVD, HI-FI ouvert sur la salle à manger<br />
1 cuisine entièrement équipée<br />
1 WC indépendant</p>
<p>1 chambre avec 1 lit de 160 et salle de douche privative, ouverte sur l&rsquo;extérieur.</p>
<p>4 chambres avec entrée indépendante, chacune avec un avec 1 lit de 180, salle de bain privative et A/C<br />
L&rsquo;une de ces chambres a un lit à baldaquin de 150cm et n&rsquo;a pas d&rsquo;A/C.</p>
<p>1 appartement indépendant avec kitchenette, sofa, 1 lit de 180 et salle de douche privative.</p>
<p>Internet WIFI dans toute la propriété.</p>

<p>La Boheme, belle villa entièrement rénovée de 500m2 entourée d&rsquo;un jardin tropical de 5.000m2, située à Benimussa, à 5min de San Josep et de San Rafael et à 15min de la ville d&rsquo;Ibiza. Terrasse avec piscine en « V » de 14 mètres, entourée de chaises longues et lit balinais pour se reposer. Bar et chill-out ombragé. &#8230;</p>
