{"id":42208,"date":"2019-01-07T21:18:37","date_gmt":"2019-01-07T19:18:37","guid":{"rendered":"https:\/\/ibizavilla.com\/?post_type=estate_property&#038;p=42208"},"modified":"2025-12-16T00:36:41","modified_gmt":"2025-12-15T23:36:41","slug":"es-verger","status":"publish","type":"estate_property","link":"https:\/\/ibizavilla.com\/fr\/properties\/es-verger\/","title":{"rendered":"Es Verger, finca r\u00e9nov\u00e9e avec piscine \u00e0 Ibiza, San Jos\u00e9"},"content":{"rendered":"<p class=\"p1\"><span class=\"s1\">Es Verger est une confortable maison de campagne situ\u00e9e \u00e0 moins de 2 Km du village de Sant Josep, \u00e0 seulement cinq minutes de marche. Cette ancienne finca typique d&rsquo;Ibiza a une surface totale de 170m2 et a \u00e9t\u00e9 compl\u00e8tement r\u00e9nov\u00e9e, d\u00e9cor\u00e9e et \u00e9quip\u00e9e en 2007. Terrasse tr\u00e8s intime avec salle \u00e0 manger ext\u00e9rieure, piscine de forme rectangulaire d\u2019environ 36 m2 de surface, barbecue et jardin qui entoure la zone de la piscine faisant de la propri\u00e9t\u00e9 un ensemble extr\u00eamement accueillant.<\/span><\/p>\n<p>La maison de plein pied comprend :<\/p>\n<p>1 Salon avec TV (nationale et satellite), Internet Wi Fi et DVD.<br \/>\n1 Cuisine avec salle \u00e0 manger compl\u00e8tement \u00e9quip\u00e9e avec vitroc\u00e9ramique, four, micro-ondes, lave-vaisselle et frigo.<br \/>\n2 Terrasses couvertes, une avec salle \u00e0 manger d\u2019\u00e9t\u00e9.<\/p>\n<p class=\"p1\"><span class=\"s1\">2 Chambres twin (lits jumeaux)<br \/>\n1 Salle de bain avec baignoire<br \/>\n1 Chambre double avec grand lit et salle de bain avec baignoire.<br \/>\n1 Chambre double avec grand lit et salle de bain avec douche.<\/span><\/p>\n<p>Air condtionn\u00e9 dans toute la maison, Coffre fort et Internet WIFI.<\/p>\n","protected":false},"excerpt":{"rendered":"<p>Es Verger est une confortable maison de campagne situ\u00e9e \u00e0 moins de 2 Km du village de Sant Josep, \u00e0 seulement cinq minutes de marche. Cette ancienne finca typique d&rsquo;Ibiza a une surface totale de 170m2 et a \u00e9t\u00e9 compl\u00e8tement r\u00e9nov\u00e9e, d\u00e9cor\u00e9e et \u00e9quip\u00e9e en 2007. Terrasse tr\u00e8s intime avec salle \u00e0 manger ext\u00e9rieure, piscine &#8230;<\/p>\n","protected":false},"featured_media":55818,"comment_status":"closed","ping_status":"closed","template":"","guest-type":[],"class_list":["post-42208","estate_property","type-estate_property","status-publish","has-post-thumbnail","hentry","property_category-rentals","property_action_category-villa-fr","property_city-san-jose","property_features-kids-friendly","property_features-chauffage","property_features-climatisation","property_features-cuisine","property_features-parking","property_features-swimming-pool","property_features-tv","property_features-wifi"],"acf":[],"_links":{"self":[{"href":"https:\/\/ibizavilla.com\/fr\/wp-json\/wp\/v2\/estate_property\/42208","targetHints":{"allow":["GET"]}}],"collection":[{"href":"https:\/\/ibizavilla.com\/fr\/wp-json\/wp\/v2\/estate_property"}],"about":[{"href":"https:\/\/ibizavilla.com\/fr\/wp-json\/wp\/v2\/types\/estate_property"}],"replies":[{"embeddable":true,"href":"https:\/\/ibizavilla.com\/fr\/wp-json\/wp\/v2\/comments?post=42208"}],"wp:featuredmedia":[{"embeddable":true,"href":"https:\/\/ibizavilla.com\/fr\/wp-json\/wp\/v2\/media\/55818"}],"wp:attachment":[{"href":"https:\/\/ibizavilla.com\/fr\/wp-json\/wp\/v2\/media?parent=42208"}],"wp:term":[{"taxonomy":"guest-type","embeddable":true,"href":"https:\/\/ibizavilla.com\/fr\/wp-json\/wp\/v2\/guest-type?post=42208"}],"curies":[{"name":"wp","href":"https:\/\/api.w.org\/{rel}","templated":true}]}}

Es Verger, finca rénovée avec piscine à Ibiza, San José

<p class="p1"><span class="s1">Es Verger est une confortable maison de campagne située à moins de 2 Km du village de Sant Josep, à seulement cinq minutes de marche. Cette ancienne finca typique d&rsquo;Ibiza a une surface totale de 170m2 et a été complètement rénovée, décorée et équipée en 2007. Terrasse très intime avec salle à manger extérieure, piscine de forme rectangulaire d’environ 36 m2 de surface, barbecue et jardin qui entoure la zone de la piscine faisant de la propriété un ensemble extrêmement accueillant.</span></p>
<p>La maison de plein pied comprend :</p>
<p>1 Salon avec TV (nationale et satellite), Internet Wi Fi et DVD.<br />
1 Cuisine avec salle à manger complètement équipée avec vitrocéramique, four, micro-ondes, lave-vaisselle et frigo.<br />
2 Terrasses couvertes, une avec salle à manger d’été.</p>
<p class="p1"><span class="s1">2 Chambres twin (lits jumeaux)<br />
1 Salle de bain avec baignoire<br />
1 Chambre double avec grand lit et salle de bain avec baignoire.<br />
1 Chambre double avec grand lit et salle de bain avec douche.</span></p>
<p>Air condtionné dans toute la maison, Coffre fort et Internet WIFI.</p>

<p>Es Verger est une confortable maison de campagne située à moins de 2 Km du village de Sant Josep, à seulement cinq minutes de marche. Cette ancienne finca typique d&rsquo;Ibiza a une surface totale de 170m2 et a été complètement rénovée, décorée et équipée en 2007. Terrasse très intime avec salle à manger extérieure, piscine &#8230;</p>
