{"id":48220,"date":"2019-01-17T22:24:51","date_gmt":"2019-01-17T20:24:51","guid":{"rendered":"https:\/\/ibizavilla.com\/?post_type=estate_property&#038;p=48220"},"modified":"2025-12-15T22:20:57","modified_gmt":"2025-12-15T21:20:57","slug":"fuente-de-ibiza","status":"publish","type":"estate_property","link":"https:\/\/ibizavilla.com\/fr\/properties\/fuente-de-ibiza\/","title":{"rendered":"Fuente de Ibiza, villa de luxe avec vue mer \u00e0 Ibiza, San Jordi"},"content":{"rendered":"<p>Fuente de Ibiza est une belle villa de luxe situ\u00e9e sur les hauteurs du quartier r\u00e9sidentiel de Sa Carroca \u00e0 seulement 10 minutes de la ville d&rsquo;Ibiza, de l&rsquo;a\u00e9roport, et des plages de Ses Salines et Es Cavallet. La villa est construite sur une parcelle de 90.000m2 enti\u00e8rement cl\u00f4tur\u00e9e et ferm\u00e9e par un portal \u00e9lectrique, garantissant s\u00e9curit\u00e9 et tranquillit\u00e9 \u00e0 ses occupants.<\/p>\n<p>Grande terrasse avec piscine et sa cascade naturelle, entour\u00e9e de chaises longues, parasols et d&rsquo;un beau jardin avec v\u00e9g\u00e9tation m\u00e9diterran\u00e9enne et palmiers. Jacuzzi attenant \u00e0 la piscine avec tr\u00e8s belle vue mer et sur Dalt Vila. Zone barbecue.<\/p>\n<p>La maison, construite sur deux niveaux, comprend:<br \/>\n1 luxeuse salle de s\u00e9jour de 65 m2 avec chemin\u00e9e et bar, ouverte sur la terrasse de la piscine<br \/>\nPartie salon avec sofas,TV Satellite et stereo,<br \/>\n1 salle \u00e0 manger pour 12 personnes<br \/>\n1 cuisine enti\u00e8rement \u00e9quip\u00e9e<\/p>\n<p>6 chambres doubles d&rsquo;environ 35m2 environ. avec dressing, TV et salle de bain privative (1 baignoire et 5 douches). Chaque chambre dispose de l&rsquo;A\/C ainsi que d&rsquo;une terrasse privative.<\/p>\n<p>Internet WiFi et climatisation dans toute la maison.<br \/>\nAlarme et parking.<\/p>\n","protected":false},"excerpt":{"rendered":"<p>Fuente de Ibiza est une belle villa de luxe situ\u00e9e sur les hauteurs du quartier r\u00e9sidentiel de Sa Carroca \u00e0 seulement 10 minutes de la ville d&rsquo;Ibiza, de l&rsquo;a\u00e9roport, et des plages de Ses Salines et Es Cavallet. La villa est construite sur une parcelle de 90.000m2 enti\u00e8rement cl\u00f4tur\u00e9e et ferm\u00e9e par un portal \u00e9lectrique, &#8230;<\/p>\n","protected":false},"featured_media":114501,"comment_status":"closed","ping_status":"closed","template":"","guest-type":[],"class_list":["post-48220","estate_property","type-estate_property","status-publish","has-post-thumbnail","hentry","property_category-rentals","property_action_category-villa-fr","property_city-san-jose","property_area-sa-carroca-fr","property_features-kids-friendly","property_features-alarme","property_features-blanchisserie","property_features-chauffage","property_features-climatisation","property_features-cuisine","property_features-jacuzzi","property_features-parking","property_features-swimming-pool","property_features-salle-de-sport","property_features-safe","property_features-tv","property_features-vue-sur-la-mer","property_features-wifi"],"acf":[],"_links":{"self":[{"href":"https:\/\/ibizavilla.com\/fr\/wp-json\/wp\/v2\/estate_property\/48220","targetHints":{"allow":["GET"]}}],"collection":[{"href":"https:\/\/ibizavilla.com\/fr\/wp-json\/wp\/v2\/estate_property"}],"about":[{"href":"https:\/\/ibizavilla.com\/fr\/wp-json\/wp\/v2\/types\/estate_property"}],"replies":[{"embeddable":true,"href":"https:\/\/ibizavilla.com\/fr\/wp-json\/wp\/v2\/comments?post=48220"}],"wp:featuredmedia":[{"embeddable":true,"href":"https:\/\/ibizavilla.com\/fr\/wp-json\/wp\/v2\/media\/114501"}],"wp:attachment":[{"href":"https:\/\/ibizavilla.com\/fr\/wp-json\/wp\/v2\/media?parent=48220"}],"wp:term":[{"taxonomy":"guest-type","embeddable":true,"href":"https:\/\/ibizavilla.com\/fr\/wp-json\/wp\/v2\/guest-type?post=48220"}],"curies":[{"name":"wp","href":"https:\/\/api.w.org\/{rel}","templated":true}]}}

Fuente de Ibiza, villa de luxe avec vue mer à Ibiza, San Jordi

<p>Fuente de Ibiza est une belle villa de luxe située sur les hauteurs du quartier résidentiel de Sa Carroca à seulement 10 minutes de la ville d&rsquo;Ibiza, de l&rsquo;aéroport, et des plages de Ses Salines et Es Cavallet. La villa est construite sur une parcelle de 90.000m2 entièrement clôturée et fermée par un portal électrique, garantissant sécurité et tranquillité à ses occupants.</p>
<p>Grande terrasse avec piscine et sa cascade naturelle, entourée de chaises longues, parasols et d&rsquo;un beau jardin avec végétation méditerranéenne et palmiers. Jacuzzi attenant à la piscine avec très belle vue mer et sur Dalt Vila. Zone barbecue.</p>
<p>La maison, construite sur deux niveaux, comprend:<br />
1 luxeuse salle de séjour de 65 m2 avec cheminée et bar, ouverte sur la terrasse de la piscine<br />
Partie salon avec sofas,TV Satellite et stereo,<br />
1 salle à manger pour 12 personnes<br />
1 cuisine entièrement équipée</p>
<p>6 chambres doubles d&rsquo;environ 35m2 environ. avec dressing, TV et salle de bain privative (1 baignoire et 5 douches). Chaque chambre dispose de l&rsquo;A/C ainsi que d&rsquo;une terrasse privative.</p>
<p>Internet WiFi et climatisation dans toute la maison.<br />
Alarme et parking.</p>

<p>Fuente de Ibiza est une belle villa de luxe située sur les hauteurs du quartier résidentiel de Sa Carroca à seulement 10 minutes de la ville d&rsquo;Ibiza, de l&rsquo;aéroport, et des plages de Ses Salines et Es Cavallet. La villa est construite sur une parcelle de 90.000m2 entièrement clôturée et fermée par un portal électrique, &#8230;</p>
