{"id":67715,"date":"2019-11-13T11:12:23","date_gmt":"2019-11-13T09:12:23","guid":{"rendered":"https:\/\/ibizavilla.com\/?page_id=67715"},"modified":"2026-03-09T23:04:11","modified_gmt":"2026-03-09T22:04:11","slug":"qui-sommes-nous","status":"publish","type":"page","link":"https:\/\/ibizavilla.com\/fr\/qui-sommes-nous\/","title":{"rendered":"Qui Sommes-Nous?"},"content":{"rendered":"<div class=\"wpb-content-wrapper\"><p>[vc_row css=\u00a0\u00bb.vc_custom_1572091183363{margin-top: 30px !important;}\u00a0\u00bb][vc_column][vc_column_text]<\/p>\n<h1 style=\"text-align: center;\">Qui sommes-nous?.. Ibiza Villa!<\/h1>\n<p>[\/vc_column_text][vc_column_text]<\/p>\n<h2 style=\"text-align: center;\">Ibiza Villa est une agence immobili\u00e8re \u00e9tablie \u00e0 Ibiza depuis 1998.<\/h2>\n<p>[\/vc_column_text][\/vc_column][\/vc_row][vc_row gap=\u00a0\u00bb10&Prime; equal_height=\u00a0\u00bbyes\u00a0\u00bb content_placement=\u00a0\u00bbmiddle\u00a0\u00bb css=\u00a0\u00bb.vc_custom_1768210724805{margin-top: 30px !important;}\u00a0\u00bb el_class=\u00a0\u00bbto-equal-height flex-reverse\u00a0\u00bb][vc_column width=\u00a0\u00bb2\/3&Prime;][vc_column_text css=\u00a0\u00bb\u00a0\u00bb]<\/p>\n<h1 style=\"text-align: center;\"><strong>Loriane\u00a0<\/strong><\/h1>\n<p style=\"text-align: center;\">Elle a rejoint l&rsquo;\u00e9quipe en 2008 et a \u00e9volu\u00e9 gr\u00e2ce \u00e0 sa d\u00e9termination et \u00e0 son sens aigu du service \u00e0 la client\u00e8le, g\u00e9rant aussi bien les situations exigeantes que les rencontres les plus m\u00e9morables. Son sang-froid, sa sinc\u00e9rit\u00e9 et son \u00e9nergie positive font d&rsquo;elle une r\u00e9f\u00e9rence dans le secteur de la gestion immobili\u00e8re de prestige \u00e0 Ibiza.<\/p>\n<p style=\"text-align: center;\">Install\u00e9e sur l&rsquo;\u00eele depuis son plus jeune \u00e2ge, Loriane poss\u00e8de une connaissance intime d&rsquo;Ibiza, de ses villages cach\u00e9s \u00e0 ses panoramas marins. Sa formation internationale \u00e0 Londres, Sydney et Barcelone a renforc\u00e9 sa capacit\u00e9 \u00e0 comprendre et \u00e0 accompagner une client\u00e8le multiculturelle exigeante.<\/p>\n<p style=\"text-align: center;\">La prise de contr\u00f4le d&rsquo;Ibiza Villa a repr\u00e9sent\u00e9 pour Loriane une r\u00e9ussite tant personnelle que professionnelle : \u00ab Accompagner les clients dans leurs projets, c&rsquo;est vivre avec eux chaque \u00e9motion unique ; acheter ou louer une villa \u00e0 Ibiza est toujours une aventure. \u00bb<\/p>\n<p style=\"text-align: center;\">Quand on lui demande ce qui fait la force d&rsquo;Ibiza Villa, elle insiste sur \u00ab le respect, la diversit\u00e9 des parcours et la passion de l&rsquo;\u00e9quipe, notre amour pour Ibiza et le lien sp\u00e9cial que nous cr\u00e9ons avec chaque client. \u00bb<\/p>\n<p style=\"text-align: center;\">Pendant son temps libre, Loriane partage son temps entre sa famille et les voyages, qui ont nourri sa passion pour la vie et les rencontres humaines. Toujours enthousiaste face \u00e0 de nouveaux d\u00e9fis, elle inspire confiance et bienveillance \u00e0 ceux qui croisent son chemin.<\/p>\n<p>[\/vc_column_text][\/vc_column][vc_column width=\u00a0\u00bb1\/3&Prime;][vc_single_image image=\u00a0\u00bb118122&Prime; img_size=\u00a0\u00bbfull\u00a0\u00bb alignment=\u00a0\u00bbcenter\u00a0\u00bb onclick=\u00a0\u00bbcustom_link\u00a0\u00bb img_link_target=\u00a0\u00bb_blank\u00a0\u00bb css=\u00a0\u00bb\u00a0\u00bb link=\u00a0\u00bbhttps:\/\/ibizavilla.com\/properties\/can-puig-de-mar\/\u00a0\u00bb][\/vc_column][\/vc_row][vc_row gap=\u00a0\u00bb10&Prime; content_placement=\u00a0\u00bbmiddle\u00a0\u00bb css=\u00a0\u00bb.vc_custom_1768211156695{padding-bottom: 60px !important;}\u00a0\u00bb el_class=\u00a0\u00bbto-equal-height flex-reverse\u00a0\u00bb][vc_column width=\u00a0\u00bb1\/3&Prime;][vc_single_image image=\u00a0\u00bb118124&Prime; img_size=\u00a0\u00bbfull\u00a0\u00bb alignment=\u00a0\u00bbcenter\u00a0\u00bb onclick=\u00a0\u00bbcustom_link\u00a0\u00bb img_link_target=\u00a0\u00bb_blank\u00a0\u00bb css=\u00a0\u00bb\u00a0\u00bb link=\u00a0\u00bbhttps:\/\/ibizavilla.com\/properties\/can-puig-de-mar\/\u00a0\u00bb][\/vc_column][vc_column width=\u00a0\u00bb2\/3&Prime;][vc_column_text css=\u00a0\u00bb\u00a0\u00bb]<\/p>\n<h1 style=\"text-align: center;\"><strong>Olivier\u00a0<\/strong><\/h1>\n<p style=\"text-align: center;\">En tant qu&rsquo;associ\u00e9, Olivier apporte \u00e0 Ibiza Villa une dynamique novatrice fond\u00e9e sur son exp\u00e9rience internationale, sa rigueur professionnelle et une vision enti\u00e8rement ax\u00e9e sur l&rsquo;exp\u00e9rience client. Aux c\u00f4t\u00e9s de Loriane, il s&rsquo;implique dans le d\u00e9veloppement d&rsquo;un projet ambitieux o\u00f9 l&rsquo;humain et l&rsquo;\u00e9coute sont au c\u0153ur de chaque r\u00e9ussite.<\/p>\n<p style=\"text-align: center;\">Olivier mise sur le dialogue et l&#8217;empathie, convaincu que la compr\u00e9hension des parcours individuels permet de construire des relations solides : \u00ab Chaque projet, chaque personne est unique et c&rsquo;est ainsi que se forgent des relations durables. \u00bb<\/p>\n<p style=\"text-align: center;\">Son parcours l&rsquo;a conduit de Paris \u00e0 Londres et Barcelone, de l&rsquo;Australie \u00e0 l&rsquo;\u00c9gypte et au Nigeria, enrichissant son exp\u00e9rience en mati\u00e8re de gestion et de leadership dans des environnements tr\u00e8s divers.<\/p>\n<p style=\"text-align: center;\">En dehors du domaine professionnel, Olivier partage sa passion pour les voyages, le sport et la d\u00e9couverte avec l&rsquo;\u00e9quipe et les clients d&rsquo;Ibiza Villa, toujours motiv\u00e9 par l&rsquo;\u00e9change et la recherche de nouvelles inspirations.<\/p>\n<p>[\/vc_column_text][\/vc_column][\/vc_row][vc_row][vc_column][vc_separator color=\u00a0\u00bbturquoise\u00a0\u00bb css=\u00a0\u00bb\u00a0\u00bb][\/vc_column][\/vc_row][vc_row equal_height=\u00a0\u00bbyes\u00a0\u00bb el_class=\u00a0\u00bbto-equal-height\u00a0\u00bb css=\u00a0\u00bb.vc_custom_1572090784320{padding-top: 60px !important;}\u00a0\u00bb][vc_column el_class=\u00a0\u00bbdouble-row-to-pad to-center-height\u00a0\u00bb offset=\u00a0\u00bbvc_col-lg-6 vc_col-md-6 vc_col-xs-12&Prime;][vc_column_text]<\/p>\n<h3 style=\"text-align: center;\">Nos services<\/h3>\n<p style=\"text-align: center;\">Ces trois facteurs nous comblent dans notre quotidien au travail et nous tentons chaque jour d&rsquo;am\u00e9liorer nos services gr\u00e2ce \u00e0 nos collaborateurs et aux demandes de nos clients.<\/p>\n<p style=\"text-align: center;\">Notre mission principale est de vous faire passer des vacances inoubliables \u00e0 Ibiza.<br \/>\nM\u00eame s&rsquo;il ne s&rsquo;agit que de quelques jours, ils devront \u00eatre parfaits et correspondre \u00e0 vos envies et \u00e0 vos go\u00fbts. Nous offrons \u00e0 chacun d&rsquo;entre vous la possibilit\u00e9 d&rsquo;ajouter un service sp\u00e9cifique pour que vos vacances soient un r\u00e9el plaisir. Sur notre site Web, vous pourrez trouver une large s\u00e9lection de villas de luxe o\u00f9 passer des vacances en famille ou entre amis dans un environnement exclusif, pour rendre votre s\u00e9jour unique et inoubliable.<\/p>\n<p>[\/vc_column_text][\/vc_column][vc_column offset=\u00a0\u00bbvc_col-lg-6 vc_col-md-6 vc_col-xs-12&Prime; el_class=\u00a0\u00bbimage-equl-no-btm\u00a0\u00bb][vc_single_image image=\u00a0\u00bb115480&Prime; img_size=\u00a0\u00bbfull\u00a0\u00bb alignment=\u00a0\u00bbcenter\u00a0\u00bb onclick=\u00a0\u00bbcustom_link\u00a0\u00bb img_link_target=\u00a0\u00bb_blank\u00a0\u00bb css=\u00a0\u00bb\u00a0\u00bb link=\u00a0\u00bbhttps:\/\/ibizavilla.com\/properties\/can-puig-de-mar\/\u00a0\u00bb][\/vc_column][\/vc_row][vc_row equal_height=\u00a0\u00bbyes\u00a0\u00bb el_class=\u00a0\u00bbto-equal-height flex-reverse\u00a0\u00bb css=\u00a0\u00bb.vc_custom_1572090568472{padding-top: 60px !important;}\u00a0\u00bb][vc_column el_class=\u00a0\u00bbimage-equl-no-btm\u00a0\u00bb offset=\u00a0\u00bbvc_col-lg-6 vc_col-md-6 vc_col-xs-12&Prime;][vc_single_image image=\u00a0\u00bb66583&Prime; img_size=\u00a0\u00bbfull\u00a0\u00bb alignment=\u00a0\u00bbcenter\u00a0\u00bb onclick=\u00a0\u00bbcustom_link\u00a0\u00bb img_link_target=\u00a0\u00bb_blank\u00a0\u00bb link=\u00a0\u00bbhttps:\/\/ibizavilla.com\/properties\/can-puig-de-mar\/\u00a0\u00bb][\/vc_column][vc_column offset=\u00a0\u00bbvc_col-lg-6 vc_col-md-6 vc_col-xs-12&Prime; el_class=\u00a0\u00bbdouble-row-to-pad to-center-height\u00a0\u00bb css=\u00a0\u00bb.vc_custom_1572091513590{padding-top: 0px !important;}\u00a0\u00bb][vc_column_text]<\/p>\n<h3 style=\"text-align: center;\">Nos emplacements de villas<\/h3>\n<p style=\"text-align: center;\">Vous pourrez \u00e9galement consulter sur notre site les services que nous offrons et, enfin et surtout, nos contacts afin obtenir des informations d\u00e9taill\u00e9es.<\/p>\n<p style=\"text-align: center;\">Nos villas se concentrent autour des endroits suivants: San Juan, Santa Eulalia, Ibiza, San Antonio et San Jos\u00e9. Chaque villa est situ\u00e9e dans une partie incroyable de l&rsquo;\u00eele.<br \/>\n\u00cates-vous un amoureux de la mer ou un amoureux de la campagne? Ibiza Villa a pens\u00e9 \u00e0 toutes les options possibles. Envie d&rsquo;une villa avec vue sur la mer ou \u00e0 quelques pas de la plage, ou d&rsquo;une villa au milieu de la campagne et des arbres, nous vous offrons un large choix. Si vous souhaitez acheter ou louer une villa de luxe pour une semaine ou une saison, nous sommes disponibles pour trouver la meilleure propri\u00e9t\u00e9 de luxe \u00e0 Ibiza qu&rsquo;il soit.<\/p>\n<p>[\/vc_column_text][\/vc_column][\/vc_row][vc_row equal_height=\u00a0\u00bbyes\u00a0\u00bb el_class=\u00a0\u00bbto-equal-height\u00a0\u00bb css=\u00a0\u00bb.vc_custom_1572090717239{padding-top: 60px !important;}\u00a0\u00bb][vc_column el_class=\u00a0\u00bbdouble-row-to-pad to-center-height\u00a0\u00bb offset=\u00a0\u00bbvc_col-lg-6 vc_col-md-6 vc_col-xs-12&Prime;][vc_column_text]<\/p>\n<h3 style=\"text-align: center;\"><span style=\"color: #000000;\">La cl\u00e9 de notre succ\u00e8s!<\/span><\/h3>\n<p style=\"text-align: center;\">Ibiza Villa sera votre agence de r\u00e9f\u00e9rence sur l&rsquo;\u00eele, elle vous suivra et r\u00e9pondra \u00e0 vos besoins du d\u00e9but \u00e0 la fin.<\/p>\n<p style=\"text-align: center;\">La qualit\u00e9 est notre cl\u00e9 du succ\u00e8s! Oui, nous sommes fiers de le dire.<\/p>\n<p style=\"text-align: center;\">Si vous d\u00e9cidez de louer l&rsquo;une de nos villas, notre personnel vous accueillera \u00e0 votre arriv\u00e9e sur l&rsquo;\u00eele avec des services adapt\u00e9s \u00e0 vos besoins. Nous serons heureux de transformer chaqcun de vos d\u00e9sirs en r\u00e9alit\u00e9. Si vous d\u00e9cidez d\u2019acheter une propri\u00e9t\u00e9 \u00e0 Ibiza, nous serons heureux de vous accomapgner et de vous conseiller au mieux.<\/p>\n<p style=\"text-align: center;\">Nous sommes impatients de vous rencontrer!<\/p>\n<p>[\/vc_column_text][\/vc_column][vc_column offset=\u00a0\u00bbvc_col-lg-6 vc_col-md-6 vc_col-xs-12&Prime; el_class=\u00a0\u00bbimage-equl-no-btm\u00a0\u00bb][vc_single_image image=\u00a0\u00bb66529&Prime; img_size=\u00a0\u00bbfull\u00a0\u00bb alignment=\u00a0\u00bbcenter\u00a0\u00bb][\/vc_column][\/vc_row]<\/p>\n<\/div>","protected":false},"excerpt":{"rendered":"<p>[vc_row css=\u00a0\u00bb.vc_custom_1572091183363{margin-top: 30px !important;}\u00a0\u00bb][vc_column][vc_column_text] Qui sommes-nous?.. Ibiza Villa! [\/vc_column_text][vc_column_text] Ibiza Villa est une agence immobili\u00e8re \u00e9tablie \u00e0 Ibiza depuis 1998. [\/vc_column_text][\/vc_column][\/vc_row][vc_row gap=\u00a0\u00bb10&Prime; equal_height=\u00a0\u00bbyes\u00a0\u00bb content_placement=\u00a0\u00bbmiddle\u00a0\u00bb css=\u00a0\u00bb.vc_custom_1768210724805{margin-top: 30px !important;}\u00a0\u00bb el_class=\u00a0\u00bbto-equal-height flex-reverse\u00a0\u00bb][vc_column width=\u00a0\u00bb2\/3&Prime;][vc_column_text css=\u00a0\u00bb\u00a0\u00bb] Loriane\u00a0 Elle a rejoint l&rsquo;\u00e9quipe en 2008 et a \u00e9volu\u00e9 gr\u00e2ce \u00e0 sa d\u00e9termination et \u00e0 son sens aigu du service \u00e0 la client\u00e8le, &#8230;<\/p>\n","protected":false},"author":9,"featured_media":0,"parent":0,"menu_order":0,"comment_status":"closed","ping_status":"closed","template":"","meta":{"_acf_changed":false,"_joinchat":[],"footnotes":""},"class_list":["post-67715","page","type-page","status-publish","hentry"],"acf":[],"_links":{"self":[{"href":"https:\/\/ibizavilla.com\/fr\/wp-json\/wp\/v2\/pages\/67715","targetHints":{"allow":["GET"]}}],"collection":[{"href":"https:\/\/ibizavilla.com\/fr\/wp-json\/wp\/v2\/pages"}],"about":[{"href":"https:\/\/ibizavilla.com\/fr\/wp-json\/wp\/v2\/types\/page"}],"author":[{"embeddable":true,"href":"https:\/\/ibizavilla.com\/fr\/wp-json\/wp\/v2\/users\/9"}],"replies":[{"embeddable":true,"href":"https:\/\/ibizavilla.com\/fr\/wp-json\/wp\/v2\/comments?post=67715"}],"version-history":[{"count":8,"href":"https:\/\/ibizavilla.com\/fr\/wp-json\/wp\/v2\/pages\/67715\/revisions"}],"predecessor-version":[{"id":118918,"href":"https:\/\/ibizavilla.com\/fr\/wp-json\/wp\/v2\/pages\/67715\/revisions\/118918"}],"wp:attachment":[{"href":"https:\/\/ibizavilla.com\/fr\/wp-json\/wp\/v2\/media?parent=67715"}],"curies":[{"name":"wp","href":"https:\/\/api.w.org\/{rel}","templated":true}]}}

<div class="wpb-content-wrapper"><p>[vc_row css= ».vc_custom_1572091183363{margin-top: 30px !important;} »][vc_column][vc_column_text]</p>
<h1 style="text-align: center;">Qui sommes-nous?.. Ibiza Villa!</h1>
<p>[/vc_column_text][vc_column_text]</p>
<h2 style="text-align: center;">Ibiza Villa est une agence immobilière établie à Ibiza depuis 1998.</h2>
<p>[/vc_column_text][/vc_column][/vc_row][vc_row gap= »10&Prime; equal_height= »yes » content_placement= »middle » css= ».vc_custom_1768210724805{margin-top: 30px !important;} » el_class= »to-equal-height flex-reverse »][vc_column width= »2/3&Prime;][vc_column_text css= » »]</p>
<h1 style="text-align: center;"><strong>Loriane </strong></h1>
<p style="text-align: center;">Elle a rejoint l&rsquo;équipe en 2008 et a évolué grâce à sa détermination et à son sens aigu du service à la clientèle, gérant aussi bien les situations exigeantes que les rencontres les plus mémorables. Son sang-froid, sa sincérité et son énergie positive font d&rsquo;elle une référence dans le secteur de la gestion immobilière de prestige à Ibiza.</p>
<p style="text-align: center;">Installée sur l&rsquo;île depuis son plus jeune âge, Loriane possède une connaissance intime d&rsquo;Ibiza, de ses villages cachés à ses panoramas marins. Sa formation internationale à Londres, Sydney et Barcelone a renforcé sa capacité à comprendre et à accompagner une clientèle multiculturelle exigeante.</p>
<p style="text-align: center;">La prise de contrôle d&rsquo;Ibiza Villa a représenté pour Loriane une réussite tant personnelle que professionnelle : « Accompagner les clients dans leurs projets, c&rsquo;est vivre avec eux chaque émotion unique ; acheter ou louer une villa à Ibiza est toujours une aventure. »</p>
<p style="text-align: center;">Quand on lui demande ce qui fait la force d&rsquo;Ibiza Villa, elle insiste sur « le respect, la diversité des parcours et la passion de l&rsquo;équipe, notre amour pour Ibiza et le lien spécial que nous créons avec chaque client. »</p>
<p style="text-align: center;">Pendant son temps libre, Loriane partage son temps entre sa famille et les voyages, qui ont nourri sa passion pour la vie et les rencontres humaines. Toujours enthousiaste face à de nouveaux défis, elle inspire confiance et bienveillance à ceux qui croisent son chemin.</p>
<p>[/vc_column_text][/vc_column][vc_column width= »1/3&Prime;][vc_single_image image= »118122&Prime; img_size= »full » alignment= »center » onclick= »custom_link » img_link_target= »_blank » css= » » link= »https://ibizavilla.com/properties/can-puig-de-mar/ »][/vc_column][/vc_row][vc_row gap= »10&Prime; content_placement= »middle » css= ».vc_custom_1768211156695{padding-bottom: 60px !important;} » el_class= »to-equal-height flex-reverse »][vc_column width= »1/3&Prime;][vc_single_image image= »118124&Prime; img_size= »full » alignment= »center » onclick= »custom_link » img_link_target= »_blank » css= » » link= »https://ibizavilla.com/properties/can-puig-de-mar/ »][/vc_column][vc_column width= »2/3&Prime;][vc_column_text css= » »]</p>
<h1 style="text-align: center;"><strong>Olivier </strong></h1>
<p style="text-align: center;">En tant qu&rsquo;associé, Olivier apporte à Ibiza Villa une dynamique novatrice fondée sur son expérience internationale, sa rigueur professionnelle et une vision entièrement axée sur l&rsquo;expérience client. Aux côtés de Loriane, il s&rsquo;implique dans le développement d&rsquo;un projet ambitieux où l&rsquo;humain et l&rsquo;écoute sont au cœur de chaque réussite.</p>
<p style="text-align: center;">Olivier mise sur le dialogue et l&#8217;empathie, convaincu que la compréhension des parcours individuels permet de construire des relations solides : « Chaque projet, chaque personne est unique et c&rsquo;est ainsi que se forgent des relations durables. »</p>
<p style="text-align: center;">Son parcours l&rsquo;a conduit de Paris à Londres et Barcelone, de l&rsquo;Australie à l&rsquo;Égypte et au Nigeria, enrichissant son expérience en matière de gestion et de leadership dans des environnements très divers.</p>
<p style="text-align: center;">En dehors du domaine professionnel, Olivier partage sa passion pour les voyages, le sport et la découverte avec l&rsquo;équipe et les clients d&rsquo;Ibiza Villa, toujours motivé par l&rsquo;échange et la recherche de nouvelles inspirations.</p>
<p>[/vc_column_text][/vc_column][/vc_row][vc_row][vc_column][vc_separator color= »turquoise » css= » »][/vc_column][/vc_row][vc_row equal_height= »yes » el_class= »to-equal-height » css= ».vc_custom_1572090784320{padding-top: 60px !important;} »][vc_column el_class= »double-row-to-pad to-center-height » offset= »vc_col-lg-6 vc_col-md-6 vc_col-xs-12&Prime;][vc_column_text]</p>
<h3 style="text-align: center;">Nos services</h3>
<p style="text-align: center;">Ces trois facteurs nous comblent dans notre quotidien au travail et nous tentons chaque jour d&rsquo;améliorer nos services grâce à nos collaborateurs et aux demandes de nos clients.</p>
<p style="text-align: center;">Notre mission principale est de vous faire passer des vacances inoubliables à Ibiza.<br />
Même s&rsquo;il ne s&rsquo;agit que de quelques jours, ils devront être parfaits et correspondre à vos envies et à vos goûts. Nous offrons à chacun d&rsquo;entre vous la possibilité d&rsquo;ajouter un service spécifique pour que vos vacances soient un réel plaisir. Sur notre site Web, vous pourrez trouver une large sélection de villas de luxe où passer des vacances en famille ou entre amis dans un environnement exclusif, pour rendre votre séjour unique et inoubliable.</p>
<p>[/vc_column_text][/vc_column][vc_column offset= »vc_col-lg-6 vc_col-md-6 vc_col-xs-12&Prime; el_class= »image-equl-no-btm »][vc_single_image image= »115480&Prime; img_size= »full » alignment= »center » onclick= »custom_link » img_link_target= »_blank » css= » » link= »https://ibizavilla.com/properties/can-puig-de-mar/ »][/vc_column][/vc_row][vc_row equal_height= »yes » el_class= »to-equal-height flex-reverse » css= ».vc_custom_1572090568472{padding-top: 60px !important;} »][vc_column el_class= »image-equl-no-btm » offset= »vc_col-lg-6 vc_col-md-6 vc_col-xs-12&Prime;][vc_single_image image= »66583&Prime; img_size= »full » alignment= »center » onclick= »custom_link » img_link_target= »_blank » link= »https://ibizavilla.com/properties/can-puig-de-mar/ »][/vc_column][vc_column offset= »vc_col-lg-6 vc_col-md-6 vc_col-xs-12&Prime; el_class= »double-row-to-pad to-center-height » css= ».vc_custom_1572091513590{padding-top: 0px !important;} »][vc_column_text]</p>
<h3 style="text-align: center;">Nos emplacements de villas</h3>
<p style="text-align: center;">Vous pourrez également consulter sur notre site les services que nous offrons et, enfin et surtout, nos contacts afin obtenir des informations détaillées.</p>
<p style="text-align: center;">Nos villas se concentrent autour des endroits suivants: San Juan, Santa Eulalia, Ibiza, San Antonio et San José. Chaque villa est située dans une partie incroyable de l&rsquo;île.<br />
Êtes-vous un amoureux de la mer ou un amoureux de la campagne? Ibiza Villa a pensé à toutes les options possibles. Envie d&rsquo;une villa avec vue sur la mer ou à quelques pas de la plage, ou d&rsquo;une villa au milieu de la campagne et des arbres, nous vous offrons un large choix. Si vous souhaitez acheter ou louer une villa de luxe pour une semaine ou une saison, nous sommes disponibles pour trouver la meilleure propriété de luxe à Ibiza qu&rsquo;il soit.</p>
<p>[/vc_column_text][/vc_column][/vc_row][vc_row equal_height= »yes » el_class= »to-equal-height » css= ».vc_custom_1572090717239{padding-top: 60px !important;} »][vc_column el_class= »double-row-to-pad to-center-height » offset= »vc_col-lg-6 vc_col-md-6 vc_col-xs-12&Prime;][vc_column_text]</p>
<h3 style="text-align: center;"><span style="color: #000000;">La clé de notre succès!</span></h3>
<p style="text-align: center;">Ibiza Villa sera votre agence de référence sur l&rsquo;île, elle vous suivra et répondra à vos besoins du début à la fin.</p>
<p style="text-align: center;">La qualité est notre clé du succès! Oui, nous sommes fiers de le dire.</p>
<p style="text-align: center;">Si vous décidez de louer l&rsquo;une de nos villas, notre personnel vous accueillera à votre arrivée sur l&rsquo;île avec des services adaptés à vos besoins. Nous serons heureux de transformer chaqcun de vos désirs en réalité. Si vous décidez d’acheter une propriété à Ibiza, nous serons heureux de vous accomapgner et de vous conseiller au mieux.</p>
<p style="text-align: center;">Nous sommes impatients de vous rencontrer!</p>
<p>[/vc_column_text][/vc_column][vc_column offset= »vc_col-lg-6 vc_col-md-6 vc_col-xs-12&Prime; el_class= »image-equl-no-btm »][vc_single_image image= »66529&Prime; img_size= »full » alignment= »center »][/vc_column][/vc_row]</p>
</div>

<p>[vc_row css= ».vc_custom_1572091183363{margin-top: 30px !important;} »][vc_column][vc_column_text] Qui sommes-nous?.. Ibiza Villa! [/vc_column_text][vc_column_text] Ibiza Villa est une agence immobilière établie à Ibiza depuis 1998. [/vc_column_text][/vc_column][/vc_row][vc_row gap= »10&Prime; equal_height= »yes » content_placement= »middle » css= ».vc_custom_1768210724805{margin-top: 30px !important;} » el_class= »to-equal-height flex-reverse »][vc_column width= »2/3&Prime;][vc_column_text css= » »] Loriane  Elle a rejoint l&rsquo;équipe en 2008 et a évolué grâce à sa détermination et à son sens aigu du service à la clientèle, &#8230;</p>
