{"id":42091,"date":"2018-12-20T19:19:20","date_gmt":"2018-12-20T17:19:20","guid":{"rendered":"https:\/\/ibizavilla.com\/?post_type=estate_property&#038;p=42091"},"modified":"2025-12-16T17:54:19","modified_gmt":"2025-12-16T16:54:19","slug":"casa-buena-vista","status":"publish","type":"estate_property","link":"https:\/\/ibizavilla.com\/it\/properties\/casa-buena-vista\/","title":{"rendered":"Casa Buena Vista, villa con vista mare a Ibiza, Cala Salada"},"content":{"rendered":"<p>Casa Buena Vista \u00e8 una lussuosa villa ubicata a Cala Salada, al centro di una pineta, a 800m dalla spiaggia e 20min da Ibiza citt\u00e0. Ampie terrazze con 2 piscine, zone pranzo e relax esterne e spettacolari viste del mare e del tramonto. La villa in stile minimalista \u00e8 costruita su vari livelli ed \u00e8 cos\u00ec suddivisa:<\/p>\n<p>Livello dell&#8217;ingresso:<br \/>\n2 camere, ciascuna con 1 letto king size , bagno en suite con 2 lavandini, WC separato, guardaroba e terrazza privata con vista mare<br \/>\n1 terrazza\u00a0 fronte mare.<\/p>\n<p>Livello -1:<br \/>\n1 ampio salone con divani, TV satellitare, letttore DVD e sistema audio Bose di prima qualit\u00e0 (parti in comune e terrazze)<br \/>\n1 cucina americana totalmente attrezzata con 2 frigo\/congelatori, lavastoviglie, lava bicchieri professionale, forno, microonde e caffettiera Nespresso<br \/>\n1 dispensa con lavatrice e asciugatrice<br \/>\n1 sala da pranzo aperta sulla terrrazza con zona relax esterna e piscina &#8220;infinity&#8221; fronte mare<br \/>\n1 bagno per gli ospiti<br \/>\nAccesso ad un&#8217;altra terrazza con tavolo da pranzo, frigo, lavandino e WC.<\/p>\n<p>Livello -2:<br \/>\n2 camere, ciascuna con 1 letto king size, bagno en suite con 2 lavandini, WC separato, guardaroba e terrazza privata con vista mare.<br \/>\nA met\u00e0 fra le due camere si trova 1 salottino con sof\u00e0, TV satellitare, DVD, telefono, frigo e caffettiera Nespresso.<\/p>\n<p>Livello -3:<br \/>\n2 camere, ciascuna con 1 letto king size, bagno en suite con 2 lavandini, WC separato, guardaroba e terrazza privata con vista mare.<br \/>\nA met\u00e0 fra le due camere si trova 1 salottino con sof\u00e0, TV satellitare, DVD, telefono, frigo e caffettiera Nespresso.<br \/>\nAccesso alla terrazza con 1 piscina di 20m di lunghezza e solarium di legno esotico.<br \/>\nBar dove poter gustare un delizioso cocktail.<\/p>\n<p>Aria condizionata in tutta la casa. Internet WIFI e telefono in cada camera. Allarme e cassaforti.<\/p>\n","protected":false},"excerpt":{"rendered":"<p>Casa Buena Vista \u00e8 una lussuosa villa ubicata a Cala Salada, al centro di una pineta, a 800m dalla spiaggia e 20min da Ibiza citt\u00e0. Ampie terrazze con 2 piscine, zone pranzo e relax esterne e spettacolari viste del mare e del tramonto. La villa in stile minimalista \u00e8 costruita su vari livelli ed \u00e8 &#8230;<\/p>\n","protected":false},"featured_media":110398,"comment_status":"closed","ping_status":"closed","template":"","guest-type":[],"class_list":["post-42091","estate_property","type-estate_property","status-publish","has-post-thumbnail","hentry","property_category-rentals","property_action_category-villa-it","property_city-san-antonio","property_area-cala-salada-it","property_features-allarme","property_features-aria-condizionata","property_features-cucina","property_features-jacuzzi","property_features-lavanderia","property_features-palestra","property_features-parcheggio","property_features-piscina","property_features-sicuro","property_features-tv","property_features-vista-mare","property_features-wifi"],"acf":[],"_links":{"self":[{"href":"https:\/\/ibizavilla.com\/it\/wp-json\/wp\/v2\/estate_property\/42091","targetHints":{"allow":["GET"]}}],"collection":[{"href":"https:\/\/ibizavilla.com\/it\/wp-json\/wp\/v2\/estate_property"}],"about":[{"href":"https:\/\/ibizavilla.com\/it\/wp-json\/wp\/v2\/types\/estate_property"}],"replies":[{"embeddable":true,"href":"https:\/\/ibizavilla.com\/it\/wp-json\/wp\/v2\/comments?post=42091"}],"wp:featuredmedia":[{"embeddable":true,"href":"https:\/\/ibizavilla.com\/it\/wp-json\/wp\/v2\/media\/110398"}],"wp:attachment":[{"href":"https:\/\/ibizavilla.com\/it\/wp-json\/wp\/v2\/media?parent=42091"}],"wp:term":[{"taxonomy":"guest-type","embeddable":true,"href":"https:\/\/ibizavilla.com\/it\/wp-json\/wp\/v2\/guest-type?post=42091"}],"curies":[{"name":"wp","href":"https:\/\/api.w.org\/{rel}","templated":true}]}}

<p>Casa Buena Vista è una lussuosa villa ubicata a Cala Salada, al centro di una pineta, a 800m dalla spiaggia e 20min da Ibiza città. Ampie terrazze con 2 piscine, zone pranzo e relax esterne e spettacolari viste del mare e del tramonto. La villa in stile minimalista è costruita su vari livelli ed è così suddivisa:</p>
<p>Livello dell&#8217;ingresso:<br />
2 camere, ciascuna con 1 letto king size , bagno en suite con 2 lavandini, WC separato, guardaroba e terrazza privata con vista mare<br />
1 terrazza  fronte mare.</p>
<p>Livello -1:<br />
1 ampio salone con divani, TV satellitare, letttore DVD e sistema audio Bose di prima qualità (parti in comune e terrazze)<br />
1 cucina americana totalmente attrezzata con 2 frigo/congelatori, lavastoviglie, lava bicchieri professionale, forno, microonde e caffettiera Nespresso<br />
1 dispensa con lavatrice e asciugatrice<br />
1 sala da pranzo aperta sulla terrrazza con zona relax esterna e piscina &#8220;infinity&#8221; fronte mare<br />
1 bagno per gli ospiti<br />
Accesso ad un&#8217;altra terrazza con tavolo da pranzo, frigo, lavandino e WC.</p>
<p>Livello -2:<br />
2 camere, ciascuna con 1 letto king size, bagno en suite con 2 lavandini, WC separato, guardaroba e terrazza privata con vista mare.<br />
A metà fra le due camere si trova 1 salottino con sofà, TV satellitare, DVD, telefono, frigo e caffettiera Nespresso.</p>
<p>Livello -3:<br />
2 camere, ciascuna con 1 letto king size, bagno en suite con 2 lavandini, WC separato, guardaroba e terrazza privata con vista mare.<br />
A metà fra le due camere si trova 1 salottino con sofà, TV satellitare, DVD, telefono, frigo e caffettiera Nespresso.<br />
Accesso alla terrazza con 1 piscina di 20m di lunghezza e solarium di legno esotico.<br />
Bar dove poter gustare un delizioso cocktail.</p>
<p>Aria condizionata in tutta la casa. Internet WIFI e telefono in cada camera. Allarme e cassaforti.</p>

<p>Casa Buena Vista è una lussuosa villa ubicata a Cala Salada, al centro di una pineta, a 800m dalla spiaggia e 20min da Ibiza città. Ampie terrazze con 2 piscine, zone pranzo e relax esterne e spettacolari viste del mare e del tramonto. La villa in stile minimalista è costruita su vari livelli ed è &#8230;</p>
