{"id":42109,"date":"2019-01-07T13:51:58","date_gmt":"2019-01-07T11:51:58","guid":{"rendered":"https:\/\/ibizavilla.com\/?post_type=estate_property&#038;p=42109"},"modified":"2025-12-15T23:26:36","modified_gmt":"2025-12-15T22:26:36","slug":"casa-renata","status":"publish","type":"estate_property","link":"https:\/\/ibizavilla.com\/it\/properties\/casa-renata\/","title":{"rendered":"Casa Renata, casa con vista mare a Ibiza, Es Cubells"},"content":{"rendered":"<p>Casa Renata \u00e8 una incantevole villa con piscina ubicata a Es Cubells a 10 min da San Josep, 20 min da Ibiza citt\u00e0. Costruita su un terreno di 6.800 m2 con acceso da un cancello, Villa Renata si estende su due piani ed \u00e8 circondata da ampia vegetazione mediterr\u00e1nea. Terrazza con piscina di 7 x 3,5m con lettini prendisole e ombrelloni. Vista mare della costa sud ovest dell\u2019isola. In una giornata l\u00edmpida di sole si riesce a vedere Formentera. Zona relax con tavolo da ping-pong.<\/p>\n<p>Al piano della piscina troviamo:<\/p>\n<p>2 camere matrimoniali con acceso indipendente dall\u2019esterno, ciascuna con bagno privato con doccia.<\/p>\n<p>Al piano superiore:<br \/>\n1 cucina ben attrezzata con forno tradizionale, lavastoviglie, macchina Nespresso aperta sulla sala da pranzo<br \/>\n1 salone con divani, camino, TV<br \/>\n1 ampia camera con letto matrimoniale e angolo ufficio<br \/>\n1 camera con due letti singoli<br \/>\n1 bagno con vasca<\/p>\n<p>Internet WIFI.<\/p>\n","protected":false},"excerpt":{"rendered":"<p>Casa Renata \u00e8 una incantevole villa con piscina ubicata a Es Cubells a 10 min da San Josep, 20 min da Ibiza citt\u00e0. Costruita su un terreno di 6.800 m2 con acceso da un cancello, Villa Renata si estende su due piani ed \u00e8 circondata da ampia vegetazione mediterr\u00e1nea. Terrazza con piscina di 7 x &#8230;<\/p>\n","protected":false},"featured_media":33284,"comment_status":"closed","ping_status":"closed","template":"","guest-type":[],"class_list":["post-42109","estate_property","type-estate_property","status-publish","has-post-thumbnail","hentry","property_category-rentals","property_action_category-villa-it","property_city-san-jose","property_area-es-cubells-it","property_features-adatto-ai-bambini","property_features-aria-condizionata","property_features-cucina","property_features-parcheggio","property_features-piscina","property_features-riscaldamento","property_features-tv","property_features-vista-mare","property_features-wifi"],"acf":[],"_links":{"self":[{"href":"https:\/\/ibizavilla.com\/it\/wp-json\/wp\/v2\/estate_property\/42109","targetHints":{"allow":["GET"]}}],"collection":[{"href":"https:\/\/ibizavilla.com\/it\/wp-json\/wp\/v2\/estate_property"}],"about":[{"href":"https:\/\/ibizavilla.com\/it\/wp-json\/wp\/v2\/types\/estate_property"}],"replies":[{"embeddable":true,"href":"https:\/\/ibizavilla.com\/it\/wp-json\/wp\/v2\/comments?post=42109"}],"wp:featuredmedia":[{"embeddable":true,"href":"https:\/\/ibizavilla.com\/it\/wp-json\/wp\/v2\/media\/33284"}],"wp:attachment":[{"href":"https:\/\/ibizavilla.com\/it\/wp-json\/wp\/v2\/media?parent=42109"}],"wp:term":[{"taxonomy":"guest-type","embeddable":true,"href":"https:\/\/ibizavilla.com\/it\/wp-json\/wp\/v2\/guest-type?post=42109"}],"curies":[{"name":"wp","href":"https:\/\/api.w.org\/{rel}","templated":true}]}}

<p>Casa Renata è una incantevole villa con piscina ubicata a Es Cubells a 10 min da San Josep, 20 min da Ibiza città. Costruita su un terreno di 6.800 m2 con acceso da un cancello, Villa Renata si estende su due piani ed è circondata da ampia vegetazione mediterránea. Terrazza con piscina di 7 x 3,5m con lettini prendisole e ombrelloni. Vista mare della costa sud ovest dell’isola. In una giornata límpida di sole si riesce a vedere Formentera. Zona relax con tavolo da ping-pong.</p>
<p>Al piano della piscina troviamo:</p>
<p>2 camere matrimoniali con acceso indipendente dall’esterno, ciascuna con bagno privato con doccia.</p>
<p>Al piano superiore:<br />
1 cucina ben attrezzata con forno tradizionale, lavastoviglie, macchina Nespresso aperta sulla sala da pranzo<br />
1 salone con divani, camino, TV<br />
1 ampia camera con letto matrimoniale e angolo ufficio<br />
1 camera con due letti singoli<br />
1 bagno con vasca</p>
<p>Internet WIFI.</p>

<p>Casa Renata è una incantevole villa con piscina ubicata a Es Cubells a 10 min da San Josep, 20 min da Ibiza città. Costruita su un terreno di 6.800 m2 con acceso da un cancello, Villa Renata si estende su due piani ed è circondata da ampia vegetazione mediterránea. Terrazza con piscina di 7 x &#8230;</p>
