{"id":48258,"date":"2019-01-18T19:08:16","date_gmt":"2019-01-18T17:08:16","guid":{"rendered":"https:\/\/ibizavilla.com\/?post_type=estate_property&#038;p=48258"},"modified":"2025-12-16T00:18:40","modified_gmt":"2025-12-15T23:18:40","slug":"villa-sa-claror","status":"publish","type":"estate_property","link":"https:\/\/ibizavilla.com\/it\/properties\/villa-sa-claror\/","title":{"rendered":"Villa Sa Claror, villa di lusso con piscina a San Jos\u00e9, Ibiza"},"content":{"rendered":"<p>Villa Sa Claror \u00e8 una propriet\u00e0 esclusiva, di lusso situate nel municipio di san Josep, a 2 minuti dal paese e 10 min dalle spiagge pi\u00f9 vicine (Cala Tarida, Cala Bassa, Cala Conta), 15 min da Ibiza citt\u00e0. E\u2019definita da un\u2019architettura totalmente minimalista, con materiali di primissima qualit\u00e0 e una decorazione da sogno con un Sistema d\u2019illuminazione e domotica unico.<\/p>\n<p>La casa \u00e8 costruita su un terreno di 22500m2, interamente recintati con un portone automatic e telecamere di sicurezza permettendo la massima privacy ai suoi ospiti. Incantevoli Giardini mediterranei con alberi da frutta e cactus.<br \/>\nLa grande terrazza esterna dispone di uno spazio di 2.000m2 lineari e su un unico livello, con varie zone: zona da pranzo preparata per 30 commensali, gran BBQ, zona bar e varie zone chillout.<\/p>\n<p>La casa dispone di una piscina infinity di 18m X 3m con una meravigliosa vista della baia di San Antonio e tramonto del sole.<br \/>\nun\u2019altra piscina per bambini si trova nella parte posterior della casa con una cascata di 5 altezze, tutte con mini piscine, tutto illuminato con fibra ottica di 8 colori che cambion simultaneamente.<\/p>\n<p>Villa Sa Claror \u00e8 dotata di un ampio Sistema audio\/musica: sia al suo esterno sia con 4 altavoci al suo interno, elevabili nella zona della piscina attraverso la domotica.<\/p>\n<p>Questa meravigliosa villa \u00e8 suddivisa in due livelli.<\/p>\n<p>Al LIvello 1 di 450 m2 troviamo:<br \/>\nPiano Terra:<br \/>\n1 ampia sala da pranzo\/salone<br \/>\n1 cucina indipendente e totalmente attrezzata<br \/>\n1 bagno per gli ospiti<br \/>\n3 camere, tutte con bagno private e con serrature alle porte, cassaforti in ogni camera.<\/p>\n<p>Primo Piano:<br \/>\n1 suite principale di 90m2 con una vista spettacolare. Dispone di: letto king size, bagno di 30m2 con jacuzzi 2&#215;2, TV e doccia separate<br \/>\n1 vestuario<br \/>\n2 terrazze.<\/p>\n<p>Livello 2 di 430m2 troviamo:<br \/>\n1 ampia sala da pranzo\/salone<br \/>\n2 camere con bagno ensuite, decorate con un stile fusion minimalista e neo classic<br \/>\n1 gymnasium con SPA e sauna.<\/p>\n<p>WIFI satellitare in tutta la propriet\u00e0<br \/>\nParcheggio per varie automobile.<\/p>\n","protected":false},"excerpt":{"rendered":"<p>Villa Sa Claror \u00e8 una propriet\u00e0 esclusiva, di lusso situate nel municipio di san Josep, a 2 minuti dal paese e 10 min dalle spiagge pi\u00f9 vicine (Cala Tarida, Cala Bassa, Cala Conta), 15 min da Ibiza citt\u00e0. E\u2019definita da un\u2019architettura totalmente minimalista, con materiali di primissima qualit\u00e0 e una decorazione da sogno con un &#8230;<\/p>\n","protected":false},"featured_media":36179,"comment_status":"closed","ping_status":"closed","template":"","guest-type":[],"class_list":["post-48258","estate_property","type-estate_property","status-publish","has-post-thumbnail","hentry","property_category-rentals","property_action_category-villa-it","property_city-san-jose"],"acf":[],"_links":{"self":[{"href":"https:\/\/ibizavilla.com\/it\/wp-json\/wp\/v2\/estate_property\/48258","targetHints":{"allow":["GET"]}}],"collection":[{"href":"https:\/\/ibizavilla.com\/it\/wp-json\/wp\/v2\/estate_property"}],"about":[{"href":"https:\/\/ibizavilla.com\/it\/wp-json\/wp\/v2\/types\/estate_property"}],"replies":[{"embeddable":true,"href":"https:\/\/ibizavilla.com\/it\/wp-json\/wp\/v2\/comments?post=48258"}],"wp:featuredmedia":[{"embeddable":true,"href":"https:\/\/ibizavilla.com\/it\/wp-json\/wp\/v2\/media\/36179"}],"wp:attachment":[{"href":"https:\/\/ibizavilla.com\/it\/wp-json\/wp\/v2\/media?parent=48258"}],"wp:term":[{"taxonomy":"guest-type","embeddable":true,"href":"https:\/\/ibizavilla.com\/it\/wp-json\/wp\/v2\/guest-type?post=48258"}],"curies":[{"name":"wp","href":"https:\/\/api.w.org\/{rel}","templated":true}]}}

Villa Sa Claror, villa di lusso con piscina a San José, Ibiza

<p>Villa Sa Claror è una proprietà esclusiva, di lusso situate nel municipio di san Josep, a 2 minuti dal paese e 10 min dalle spiagge più vicine (Cala Tarida, Cala Bassa, Cala Conta), 15 min da Ibiza città. E’definita da un’architettura totalmente minimalista, con materiali di primissima qualità e una decorazione da sogno con un Sistema d’illuminazione e domotica unico.</p>
<p>La casa è costruita su un terreno di 22500m2, interamente recintati con un portone automatic e telecamere di sicurezza permettendo la massima privacy ai suoi ospiti. Incantevoli Giardini mediterranei con alberi da frutta e cactus.<br />
La grande terrazza esterna dispone di uno spazio di 2.000m2 lineari e su un unico livello, con varie zone: zona da pranzo preparata per 30 commensali, gran BBQ, zona bar e varie zone chillout.</p>
<p>La casa dispone di una piscina infinity di 18m X 3m con una meravigliosa vista della baia di San Antonio e tramonto del sole.<br />
un’altra piscina per bambini si trova nella parte posterior della casa con una cascata di 5 altezze, tutte con mini piscine, tutto illuminato con fibra ottica di 8 colori che cambion simultaneamente.</p>
<p>Villa Sa Claror è dotata di un ampio Sistema audio/musica: sia al suo esterno sia con 4 altavoci al suo interno, elevabili nella zona della piscina attraverso la domotica.</p>
<p>Questa meravigliosa villa è suddivisa in due livelli.</p>
<p>Al LIvello 1 di 450 m2 troviamo:<br />
Piano Terra:<br />
1 ampia sala da pranzo/salone<br />
1 cucina indipendente e totalmente attrezzata<br />
1 bagno per gli ospiti<br />
3 camere, tutte con bagno private e con serrature alle porte, cassaforti in ogni camera.</p>
<p>Primo Piano:<br />
1 suite principale di 90m2 con una vista spettacolare. Dispone di: letto king size, bagno di 30m2 con jacuzzi 2&#215;2, TV e doccia separate<br />
1 vestuario<br />
2 terrazze.</p>
<p>Livello 2 di 430m2 troviamo:<br />
1 ampia sala da pranzo/salone<br />
2 camere con bagno ensuite, decorate con un stile fusion minimalista e neo classic<br />
1 gymnasium con SPA e sauna.</p>
<p>WIFI satellitare in tutta la proprietà<br />
Parcheggio per varie automobile.</p>

<p>Villa Sa Claror è una proprietà esclusiva, di lusso situate nel municipio di san Josep, a 2 minuti dal paese e 10 min dalle spiagge più vicine (Cala Tarida, Cala Bassa, Cala Conta), 15 min da Ibiza città. E’definita da un’architettura totalmente minimalista, con materiali di primissima qualità e una decorazione da sogno con un &#8230;</p>
